CRAN Package Check Results for Package grabsampling

Last updated on 2024-04-20 05:03:11 CEST.

Flavor Version Tinstall Tcheck Ttotal Status Flags
r-devel-linux-x86_64-debian-clang 1.0.0 2.78 35.84 38.62 NOTE
r-devel-linux-x86_64-debian-gcc 1.0.0 NOTE
r-devel-linux-x86_64-fedora-clang 1.0.0 48.59 NOTE
r-devel-linux-x86_64-fedora-gcc 1.0.0 47.11 NOTE
r-prerel-macos-arm64 1.0.0 19.00 NOTE
r-prerel-windows-x86_64 1.0.0 5.00 49.00 54.00 NOTE
r-patched-linux-x86_64 1.0.0 3.03 33.45 36.48 NOTE
r-release-linux-x86_64 1.0.0 3.08 33.69 36.77 NOTE
r-release-macos-arm64 1.0.0 21.00 NOTE
r-release-macos-x86_64 1.0.0 28.00 NOTE
r-release-windows-x86_64 1.0.0 5.00 53.00 58.00 NOTE
r-oldrel-macos-arm64 1.0.0 18.00 NOTE
r-oldrel-windows-x86_64 1.0.0 6.00 53.00 59.00 NOTE

Check Details

Version: 1.0.0
Check: LazyData
Result: NOTE 'LazyData' is specified without a 'data' directory Flavors: r-devel-linux-x86_64-debian-clang, r-devel-linux-x86_64-debian-gcc, r-devel-linux-x86_64-fedora-clang, r-devel-linux-x86_64-fedora-gcc, r-prerel-macos-arm64, r-prerel-windows-x86_64, r-patched-linux-x86_64, r-release-linux-x86_64, r-release-macos-arm64, r-release-macos-x86_64, r-release-windows-x86_64, r-oldrel-macos-arm64, r-oldrel-windows-x86_64