CRAN Package Check Results for Package govinfoR

Last updated on 2024-06-14 05:58:24 CEST.

Flavor Version Tinstall Tcheck Ttotal Status Flags
r-devel-linux-x86_64-debian-clang 0.0.3 2.66 23.68 26.34 OK
r-devel-linux-x86_64-debian-gcc 0.0.3 0.34 1.54 1.88 ERROR
r-devel-linux-x86_64-fedora-clang 0.0.3 34.21 OK
r-devel-linux-x86_64-fedora-gcc 0.0.3 31.53 OK
r-devel-windows-x86_64 0.0.3 3.00 40.00 43.00 OK
r-patched-linux-x86_64 0.0.3 2.53 22.96 25.49 OK
r-release-linux-x86_64 0.0.3 1.97 23.20 25.17 OK
r-release-macos-arm64 0.0.3 15.00 OK
r-release-macos-x86_64 0.0.3 30.00 OK
r-release-windows-x86_64 0.0.3 3.00 51.00 54.00 OK
r-oldrel-macos-arm64 0.0.3 20.00 OK
r-oldrel-macos-x86_64 0.0.3 27.00 OK
r-oldrel-windows-x86_64 0.0.3 5.00 42.00 47.00 OK

Check Details

Version: 0.0.3
Check: package dependencies
Result: ERROR Packages required but not available: 'dplyr', 'httr2', 'janitor', 'lubridate', 'stringr', 'tidyr' See section ‘The DESCRIPTION file’ in the ‘Writing R Extensions’ manual. Flavor: r-devel-linux-x86_64-debian-gcc