CRAN Package Check Results for Package govdown

Last updated on 2024-05-26 08:05:09 CEST.

Flavor Version Tinstall Tcheck Ttotal Status Flags
r-devel-linux-x86_64-debian-clang 0.10.1 2.64 23.98 26.62 NOTE
r-devel-linux-x86_64-debian-gcc 0.10.1 1.95 18.57 20.52 NOTE
r-devel-linux-x86_64-fedora-clang 0.10.1 33.50 NOTE
r-devel-linux-x86_64-fedora-gcc 0.10.1 32.82 NOTE
r-devel-windows-x86_64 0.10.1 3.00 39.00 42.00 NOTE
r-patched-linux-x86_64 0.10.1 2.89 22.85 25.74 NOTE
r-release-linux-x86_64 0.10.1 2.34 22.71 25.05 NOTE
r-release-macos-arm64 0.10.1 16.00 NOTE
r-release-windows-x86_64 0.10.1 3.00 41.00 44.00 NOTE
r-oldrel-macos-arm64 0.10.1 16.00 NOTE
r-oldrel-macos-x86_64 0.10.1 21.00 NOTE
r-oldrel-windows-x86_64 0.10.1 4.00 44.00 48.00 NOTE

Check Details

Version: 0.10.1
Check: LazyData
Result: NOTE 'LazyData' is specified without a 'data' directory Flavors: r-devel-linux-x86_64-debian-clang, r-devel-linux-x86_64-debian-gcc, r-devel-linux-x86_64-fedora-clang, r-devel-linux-x86_64-fedora-gcc, r-devel-windows-x86_64, r-patched-linux-x86_64, r-release-linux-x86_64, r-release-macos-arm64, r-release-windows-x86_64, r-oldrel-macos-arm64, r-oldrel-macos-x86_64, r-oldrel-windows-x86_64