CRAN Package Check Results for Package govdown

Last updated on 2023-06-06 14:59:27 CEST.

Flavor Version Tinstall Tcheck Ttotal Status Flags
r-devel-linux-x86_64-debian-clang 0.10.1 2.51 22.46 24.97 NOTE
r-devel-linux-x86_64-debian-gcc 0.10.1 1.80 17.97 19.77 NOTE
r-devel-linux-x86_64-fedora-clang 0.10.1 33.01 NOTE
r-devel-linux-x86_64-fedora-gcc 0.10.1 32.82 NOTE
r-devel-windows-x86_64 0.10.1 5.00 41.00 46.00 NOTE
r-patched-linux-x86_64 0.10.1 2.57 21.97 24.54 NOTE
r-release-linux-x86_64 0.10.1 2.57 22.25 24.82 NOTE
r-release-macos-arm64 0.10.1 16.00 NOTE
r-release-macos-x86_64 0.10.1 21.00 NOTE
r-release-windows-x86_64 0.10.1 5.00 41.00 46.00 NOTE
r-oldrel-macos-arm64 0.10.1 17.00 NOTE
r-oldrel-macos-x86_64 0.10.1 21.00 NOTE
r-oldrel-windows-x86_64 0.10.1 6.00 43.00 49.00 NOTE

Check Details

Version: 0.10.1
Check: LazyData
Result: NOTE
     'LazyData' is specified without a 'data' directory
Flavors: r-devel-linux-x86_64-debian-clang, r-devel-linux-x86_64-debian-gcc, r-devel-linux-x86_64-fedora-clang, r-devel-linux-x86_64-fedora-gcc, r-devel-windows-x86_64, r-patched-linux-x86_64, r-release-linux-x86_64, r-release-macos-arm64, r-release-macos-x86_64, r-release-windows-x86_64, r-oldrel-macos-arm64, r-oldrel-macos-x86_64, r-oldrel-windows-x86_64