CRAN Package Check Results for Package gotop

Last updated on 2023-12-11 21:54:01 CET.

Flavor Version Tinstall Tcheck Ttotal Status Flags
r-devel-linux-x86_64-debian-clang 0.1.2 3.11 26.50 29.61 NOTE
r-devel-linux-x86_64-debian-gcc 0.1.2 2.30 21.13 23.43 NOTE
r-devel-linux-x86_64-fedora-clang 0.1.2 36.61 NOTE
r-devel-linux-x86_64-fedora-gcc 0.1.2 36.67 NOTE
r-devel-windows-x86_64 0.1.2 4.00 42.00 46.00 NOTE
r-patched-linux-x86_64 0.1.2 2.42 26.40 28.82 NOTE
r-release-linux-x86_64 0.1.2 2.99 25.98 28.97 NOTE
r-release-macos-arm64 0.1.2 18.00 NOTE
r-release-macos-x86_64 0.1.2 23.00 NOTE
r-release-windows-x86_64 0.1.2 4.00 42.00 46.00 NOTE
r-oldrel-macos-arm64 0.1.2 23.00 NOTE
r-oldrel-macos-x86_64 0.1.2 23.00 NOTE
r-oldrel-windows-x86_64 0.1.2 5.00 45.00 50.00 NOTE

Check Details

Version: 0.1.2
Check: LazyData
Result: NOTE 'LazyData' is specified without a 'data' directory Flavors: r-devel-linux-x86_64-debian-clang, r-devel-linux-x86_64-debian-gcc, r-devel-linux-x86_64-fedora-clang, r-devel-linux-x86_64-fedora-gcc, r-devel-windows-x86_64, r-patched-linux-x86_64, r-release-linux-x86_64, r-release-macos-arm64, r-release-macos-x86_64, r-release-windows-x86_64, r-oldrel-macos-arm64, r-oldrel-macos-x86_64, r-oldrel-windows-x86_64