CRAN Package Check Results for Package googlesheets4

Last updated on 2020-07-10 00:47:59 CEST.

Flavor Version Tinstall Tcheck Ttotal Status Flags
r-devel-linux-x86_64-debian-clang 0.2.0 7.64 55.20 62.84 OK
r-devel-linux-x86_64-debian-gcc 0.2.0 6.04 41.78 47.82 OK
r-devel-linux-x86_64-fedora-clang 0.2.0 81.64 NOTE
r-devel-linux-x86_64-fedora-gcc 0.2.0 79.69 OK
r-devel-windows-ix86+x86_64 0.2.0 16.00 72.00 88.00 OK
r-patched-linux-x86_64 0.2.0 6.21 54.02 60.23 OK
r-patched-solaris-x86 0.2.0 101.80 OK
r-release-linux-x86_64 0.2.0 6.98 54.17 61.15 OK
r-release-osx-x86_64 0.2.0 OK
r-release-windows-ix86+x86_64 0.2.0 17.00 93.00 110.00 OK
r-oldrel-osx-x86_64 0.2.0 OK
r-oldrel-windows-ix86+x86_64 0.2.0 18.00 68.00 86.00 OK

Check Details

Version: 0.2.0
Check: Rd cross-references
Result: NOTE
    Undeclared package ‘jsonlite’ in Rd xrefs
Flavor: r-devel-linux-x86_64-fedora-clang