Last updated on 2023-02-06 09:55:46 CET.
Flavor | Version | Tinstall | Tcheck | Ttotal | Status | Flags |
---|---|---|---|---|---|---|
r-devel-linux-x86_64-debian-clang | 1.0.1 | 9.12 | 85.04 | 94.16 | NOTE | |
r-devel-linux-x86_64-debian-gcc | 1.0.1 | 6.08 | 62.38 | 68.46 | NOTE | |
r-devel-linux-x86_64-fedora-clang | 1.0.1 | 116.53 | NOTE | |||
r-devel-linux-x86_64-fedora-gcc | 1.0.1 | 108.85 | NOTE | |||
r-devel-windows-x86_64 | 1.0.1 | 204.00 | 132.00 | 336.00 | NOTE | |
r-patched-linux-x86_64 | 1.0.1 | 12.16 | 79.27 | 91.43 | NOTE | |
r-release-linux-x86_64 | 1.0.1 | 9.73 | 79.01 | 88.74 | NOTE | |
r-release-macos-arm64 | 1.0.1 | 39.00 | OK | |||
r-release-macos-x86_64 | 1.0.1 | 49.00 | OK | |||
r-release-windows-x86_64 | 1.0.1 | 221.00 | 136.00 | 357.00 | OK | |
r-oldrel-macos-arm64 | 1.0.1 | 37.00 | OK | |||
r-oldrel-macos-x86_64 | 1.0.1 | 53.00 | OK | |||
r-oldrel-windows-ix86+x86_64 | 1.0.1 | 18.00 | 113.00 | 131.00 | NOTE |
Version: 1.0.1
Check: dependencies in R code
Result: NOTE
Unexported objects imported by ‘:::’ calls:
‘gargle:::secret_can_decrypt’ ‘gargle:::secret_read’
See the note in ?`:::` about the use of this operator.
Flavors: r-devel-linux-x86_64-debian-clang, r-devel-linux-x86_64-debian-gcc, r-devel-linux-x86_64-fedora-clang, r-devel-linux-x86_64-fedora-gcc, r-devel-windows-x86_64, r-patched-linux-x86_64, r-release-linux-x86_64, r-oldrel-windows-ix86+x86_64
Version: 1.0.1
Check: Rd cross-references
Result: NOTE
Undeclared package ‘jsonlite’ in Rd xrefs
Flavor: r-devel-linux-x86_64-fedora-clang