CRAN Package Check Results for Package googlesheets4

Last updated on 2020-10-27 20:47:41 CET.

Flavor Version Tinstall Tcheck Ttotal Status Flags
r-devel-linux-x86_64-debian-clang 0.2.0 6.96 58.62 65.58 OK
r-devel-linux-x86_64-debian-gcc 0.2.0 5.93 44.08 50.01 OK
r-devel-linux-x86_64-fedora-clang 0.2.0 87.23 NOTE
r-devel-linux-x86_64-fedora-gcc 0.2.0 83.19 OK
r-devel-windows-ix86+x86_64 0.2.0 14.00 78.00 92.00 OK
r-patched-linux-x86_64 0.2.0 OK
r-patched-solaris-x86 0.2.0 97.30 OK
r-release-linux-x86_64 0.2.0 7.25 53.74 60.99 OK
r-release-macos-x86_64 0.2.0 OK
r-release-windows-ix86+x86_64 0.2.0 11.00 61.00 72.00 OK
r-oldrel-macos-x86_64 0.2.0 OK
r-oldrel-windows-ix86+x86_64 0.2.0 12.00 72.00 84.00 OK

Check Details

Version: 0.2.0
Check: Rd cross-references
Result: NOTE
    Undeclared package ‘jsonlite’ in Rd xrefs
Flavor: r-devel-linux-x86_64-fedora-clang