CRAN Package Check Results for Package googlesheets4

Last updated on 2022-06-26 15:53:00 CEST.

Flavor Version Tinstall Tcheck Ttotal Status Flags
r-devel-linux-x86_64-debian-clang 1.0.0 8.34 87.82 96.16 OK
r-devel-linux-x86_64-debian-gcc 1.0.0 7.47 65.82 73.29 OK
r-devel-linux-x86_64-fedora-clang 1.0.0 124.92 NOTE
r-devel-linux-x86_64-fedora-gcc 1.0.0 122.63 OK
r-devel-windows-x86_64 1.0.0 216.00 123.00 339.00 OK
r-patched-linux-x86_64 1.0.0 11.66 83.67 95.33 OK
r-release-linux-x86_64 1.0.0 8.04 83.13 91.17 OK
r-release-macos-arm64 1.0.0 36.00 OK
r-release-macos-x86_64 1.0.0 70.00 OK
r-release-windows-x86_64 1.0.0 213.00 127.00 340.00 OK
r-oldrel-macos-arm64 1.0.0 45.00 OK
r-oldrel-macos-x86_64 1.0.0 47.00 OK
r-oldrel-windows-ix86+x86_64 1.0.0 19.00 111.00 130.00 OK

Check Details

Version: 1.0.0
Check: Rd cross-references
Result: NOTE
    Undeclared package ‘jsonlite’ in Rd xrefs
Flavor: r-devel-linux-x86_64-fedora-clang