CRAN Package Check Results for Package googlenlp

Last updated on 2022-11-29 01:52:09 CET.

Flavor Version Tinstall Tcheck Ttotal Status Flags
r-devel-linux-x86_64-debian-clang 0.2.0 5.68 50.59 56.27 NOTE
r-devel-linux-x86_64-debian-gcc 0.2.0 3.71 38.06 41.77 NOTE
r-devel-linux-x86_64-fedora-clang 0.2.0 78.97 NOTE
r-devel-linux-x86_64-fedora-gcc 0.2.0 76.48 NOTE
r-devel-windows-x86_64 0.2.0 10.00 82.00 92.00 NOTE
r-patched-linux-x86_64 0.2.0 6.34 46.83 53.17 NOTE
r-release-linux-x86_64 0.2.0 4.71 46.75 51.46 NOTE
r-release-macos-arm64 0.2.0 21.00 NOTE
r-release-macos-x86_64 0.2.0 47.00 NOTE
r-release-windows-x86_64 0.2.0 16.00 78.00 94.00 NOTE
r-oldrel-macos-arm64 0.2.0 25.00 NOTE
r-oldrel-macos-x86_64 0.2.0 36.00 NOTE
r-oldrel-windows-ix86+x86_64 0.2.0 14.00 71.00 85.00 NOTE

Check Details

Version: 0.2.0
Check: LazyData
Result: NOTE
     'LazyData' is specified without a 'data' directory
Flavors: r-devel-linux-x86_64-debian-clang, r-devel-linux-x86_64-debian-gcc, r-devel-linux-x86_64-fedora-clang, r-devel-linux-x86_64-fedora-gcc, r-devel-windows-x86_64, r-patched-linux-x86_64, r-release-linux-x86_64, r-release-macos-arm64, r-release-macos-x86_64, r-release-windows-x86_64, r-oldrel-macos-arm64, r-oldrel-macos-x86_64, r-oldrel-windows-ix86+x86_64