CRAN Package Check Results for Package googleadsR

Last updated on 2023-03-30 17:52:31 CEST.

Flavor Version Tinstall Tcheck Ttotal Status Flags
r-devel-linux-x86_64-debian-clang 1.0.0 2.13 26.49 28.62 OK
r-devel-linux-x86_64-debian-gcc 1.0.0 1.61 20.72 22.33 OK
r-devel-linux-x86_64-fedora-clang 1.0.0 37.23 NOTE
r-devel-linux-x86_64-fedora-gcc 1.0.0 45.58 NOTE
r-devel-windows-x86_64 1.0.0 13.00 0.00 13.00 OK
r-patched-linux-x86_64 1.0.0 2.04 25.50 27.54 OK
r-release-linux-x86_64 1.0.0 1.45 27.24 28.69 OK
r-release-macos-arm64 1.0.0 25.00 NOTE
r-release-macos-x86_64 1.0.0 26.00 NOTE
r-release-windows-x86_64 1.0.0 14.00 59.00 73.00 OK
r-oldrel-macos-arm64 1.0.0 24.00 NOTE
r-oldrel-macos-x86_64 1.0.0 28.00 NOTE
r-oldrel-windows-ix86+x86_64 1.0.0 6.00 60.00 66.00 OK

Check Details

Version: 1.0.0
Check: data for non-ASCII characters
Result: NOTE
     Note: found 1 marked UTF-8 string
Flavors: r-devel-linux-x86_64-fedora-clang, r-devel-linux-x86_64-fedora-gcc, r-release-macos-arm64, r-release-macos-x86_64, r-oldrel-macos-arm64, r-oldrel-macos-x86_64