CRAN Package Check Results for Package googleCloudRunner

Last updated on 2023-01-28 17:51:12 CET.

Flavor Version Tinstall Tcheck Ttotal Status Flags
r-devel-linux-x86_64-debian-clang 0.5.0 8.63 78.00 86.63 OK
r-devel-linux-x86_64-debian-gcc 0.5.0 7.37 58.62 65.99 OK
r-devel-linux-x86_64-fedora-clang 0.5.0 117.58 NOTE
r-devel-linux-x86_64-fedora-gcc 0.5.0 106.98 OK
r-devel-windows-x86_64 0.5.0 178.00 126.00 304.00 OK
r-patched-linux-x86_64 0.5.0 12.70 70.53 83.23 OK
r-release-linux-x86_64 0.5.0 6.82 74.09 80.91 OK
r-release-macos-arm64 0.5.0 30.00 OK
r-release-macos-x86_64 0.5.0 57.00 OK
r-release-windows-x86_64 0.5.0 15.00 124.00 139.00 OK
r-oldrel-macos-arm64 0.5.0 36.00 OK
r-oldrel-macos-x86_64 0.5.0 50.00 OK
r-oldrel-windows-ix86+x86_64 0.5.0 19.00 106.00 125.00 OK

Check Details

Version: 0.5.0
Check: Rd cross-references
Result: NOTE
    Undeclared packages ‘rcmdcheck’, ‘covr’, ‘devtools’, ‘pkgdown’ in Rd xrefs
Flavor: r-devel-linux-x86_64-fedora-clang