CRAN Package Check Results for Package golem

Last updated on 2019-11-18 23:51:22 CET.

Flavor Version Tinstall Tcheck Ttotal Status Flags
r-devel-linux-x86_64-debian-clang 0.1 7.59 69.43 77.02 OK
r-devel-linux-x86_64-debian-gcc 0.1 6.19 55.28 61.47 OK
r-devel-linux-x86_64-fedora-clang 0.1 86.86 NOTE
r-devel-linux-x86_64-fedora-gcc 0.1 90.44 NOTE
r-devel-windows-ix86+x86_64 0.1 27.00 131.00 158.00 OK
r-patched-linux-x86_64 0.1 6.73 64.00 70.73 OK
r-patched-solaris-x86 0.1 129.00 NOTE
r-release-linux-x86_64 0.1 7.75 64.28 72.03 OK
r-release-windows-ix86+x86_64 0.1 16.00 113.00 129.00 OK
r-release-osx-x86_64 0.1 NOTE
r-oldrel-windows-ix86+x86_64 0.1 10.00 75.00 85.00 OK
r-oldrel-osx-x86_64 0.1 NOTE

Check Details

Version: 0.1
Check: dependencies in R code
Result: NOTE
    Namespaces in Imports field not imported from:
     ‘DT’ ‘processx’ ‘remotes’ ‘rsconnect’
     All declared Imports should be used.
Flavors: r-devel-linux-x86_64-fedora-clang, r-devel-linux-x86_64-fedora-gcc, r-patched-solaris-x86, r-release-osx-x86_64, r-oldrel-osx-x86_64