CRAN Package Check Results for Package gogarch

Last updated on 2022-11-26 22:03:54 CET.

Flavor Version Tinstall Tcheck Ttotal Status Flags
r-devel-linux-x86_64-debian-clang 0.7-5 17.60 109.98 127.58 NOTE
r-devel-linux-x86_64-debian-gcc 0.7-5 15.50 84.15 99.65 NOTE
r-devel-linux-x86_64-fedora-clang 0.7-5 171.51 NOTE
r-devel-linux-x86_64-fedora-gcc 0.7-5 168.12 NOTE
r-devel-windows-x86_64 0.7-5 39.00 135.00 174.00 NOTE
r-patched-linux-x86_64 0.7-5 OK
r-release-linux-x86_64 0.7-5 17.76 103.37 121.13 OK
r-release-macos-arm64 0.7-5 31.00 OK
r-release-macos-x86_64 0.7-5 43.00 OK
r-release-windows-x86_64 0.7-5 45.00 138.00 183.00 OK
r-oldrel-macos-arm64 0.7-5 29.00 OK
r-oldrel-macos-x86_64 0.7-5 39.00 OK
r-oldrel-windows-ix86+x86_64 0.7-5 36.00 125.00 161.00 OK

Check Details

Version: 0.7-5
Check: Rd files
Result: NOTE
    checkRd: (-1) BVDWSTOXX.Rd:14: Escaped LaTeX specials: \&
    checkRd: (-1) BVDWSTOXX.Rd:15: Escaped LaTeX specials: \&
    checkRd: (-1) BVDWSTOXX.Rd:16: Escaped LaTeX specials: \& \&
    checkRd: (-1) BVDWSTOXX.Rd:26: Escaped LaTeX specials: \&
    checkRd: (-1) BVDWSTOXX.Rd:31: Escaped LaTeX specials: \&
    checkRd: (-1) BVDWSTOXX.Rd:34: Escaped LaTeX specials: \&
    checkRd: (-1) BVDWSTOXX.Rd:37: Escaped LaTeX specials: \&
Flavors: r-devel-linux-x86_64-debian-clang, r-devel-linux-x86_64-debian-gcc, r-devel-linux-x86_64-fedora-clang, r-devel-linux-x86_64-fedora-gcc, r-devel-windows-x86_64

Version: 0.7-5
Check: Rd cross-references
Result: NOTE
    Undeclared package ‘fBasics’ in Rd xrefs
Flavor: r-devel-linux-x86_64-fedora-clang