CRAN Package Check Results for Package goffda

Last updated on 2021-11-26 21:52:30 CET.

Flavor Version Tinstall Tcheck Ttotal Status Flags
r-devel-linux-x86_64-debian-clang 0.1.0 37.02 119.12 156.14 OK
r-devel-linux-x86_64-debian-gcc 0.1.0 28.40 91.01 119.41 OK
r-devel-linux-x86_64-fedora-clang 0.1.0 211.64 NOTE
r-devel-linux-x86_64-fedora-gcc 0.1.0 192.73 NOTE
r-devel-windows-x86_64-new-UL 0.1.0 56.00 194.00 250.00 OK
r-devel-windows-x86_64-new-TK 0.1.0 NOTE
r-devel-windows-x86_64-old 0.1.0 49.00 168.00 217.00 OK
r-patched-linux-x86_64 0.1.0 34.82 114.58 149.40 OK
r-patched-solaris-x86 0.1.0 254.30 NOTE
r-release-linux-x86_64 0.1.0 OK
r-release-macos-arm64 0.1.0 NOTE
r-release-macos-x86_64 0.1.0 NOTE
r-release-windows-ix86+x86_64 0.1.0 94.00 176.00 270.00 OK
r-oldrel-macos-x86_64 0.1.0 NOTE
r-oldrel-windows-ix86+x86_64 0.1.0 95.00 227.00 322.00 OK

Check Details

Version: 0.1.0
Check: data for non-ASCII characters
Result: NOTE
     Note: found 1352 marked UTF-8 strings
Flavors: r-devel-linux-x86_64-fedora-clang, r-devel-linux-x86_64-fedora-gcc, r-devel-windows-x86_64-new-TK, r-patched-solaris-x86, r-release-macos-arm64, r-release-macos-x86_64, r-oldrel-macos-x86_64