CRAN Package Check Results for Package goeveg

Last updated on 2022-08-12 12:56:09 CEST.

Flavor Version Tinstall Tcheck Ttotal Status Flags
r-devel-linux-x86_64-debian-clang 0.5.1 12.89 124.04 136.93 OK
r-devel-linux-x86_64-debian-gcc 0.5.1 11.34 91.02 102.36 OK
r-devel-linux-x86_64-fedora-clang 0.5.1 182.18 NOTE
r-devel-linux-x86_64-fedora-gcc 0.5.1 180.69 NOTE
r-devel-windows-x86_64 0.5.1 15.00 136.00 151.00 OK
r-patched-linux-x86_64 0.5.1 11.23 116.60 127.83 OK
r-release-linux-x86_64 0.5.1 8.90 116.39 125.29 OK
r-release-macos-arm64 0.5.1 43.00 NOTE
r-release-macos-x86_64 0.5.1 77.00 NOTE
r-release-windows-x86_64 0.5.1 16.00 141.00 157.00 OK
r-oldrel-macos-arm64 0.5.1 55.00 NOTE
r-oldrel-macos-x86_64 0.5.1 85.00 NOTE
r-oldrel-windows-ix86+x86_64 0.5.1 32.00 138.00 170.00 OK

Check Details

Version: 0.5.1
Check: dependencies in R code
Result: NOTE
    Namespace in Imports field not imported from: ‘Hmisc’
     All declared Imports should be used.
Flavors: r-devel-linux-x86_64-fedora-clang, r-devel-linux-x86_64-fedora-gcc, r-release-macos-arm64, r-release-macos-x86_64, r-oldrel-macos-arm64, r-oldrel-macos-x86_64