CRAN Package Check Results for Package gnm

Last updated on 2022-09-27 16:54:40 CEST.

Flavor Version Tinstall Tcheck Ttotal Status Flags
r-devel-linux-x86_64-debian-clang 1.1-2 17.16 134.52 151.68 NOTE
r-devel-linux-x86_64-debian-gcc 1.1-2 10.87 101.33 112.20 NOTE
r-devel-linux-x86_64-fedora-clang 1.1-2 198.94 NOTE
r-devel-linux-x86_64-fedora-gcc 1.1-2 207.67 NOTE
r-devel-windows-x86_64 1.1-2 51.00 207.00 258.00 NOTE
r-patched-linux-x86_64 1.1-2 17.71 126.65 144.36 OK
r-release-linux-x86_64 1.1-2 14.01 125.72 139.73 OK
r-release-macos-arm64 1.1-2 56.00 OK
r-release-macos-x86_64 1.1-2 91.00 OK
r-release-windows-x86_64 1.1-2 58.00 219.00 277.00 OK
r-oldrel-macos-arm64 1.1-2 59.00 OK
r-oldrel-macos-x86_64 1.1-2 77.00 OK
r-oldrel-windows-ix86+x86_64 1.1-2 28.00 208.00 236.00 OK

Check Details

Version: 1.1-2
Check: Rd files
Result: NOTE
    checkRd: (-1) barleyHeights.Rd:18: Escaped LaTeX specials: \&
    checkRd: (-1) barleyHeights.Rd:22: Escaped LaTeX specials: \&
Flavors: r-devel-linux-x86_64-debian-clang, r-devel-linux-x86_64-debian-gcc, r-devel-linux-x86_64-fedora-clang, r-devel-linux-x86_64-fedora-gcc, r-devel-windows-x86_64