Last updated on 2023-06-07 10:58:37 CEST.
Flavor | Version | Tinstall | Tcheck | Ttotal | Status | Flags |
---|---|---|---|---|---|---|
r-devel-linux-x86_64-debian-clang | 0.7-1 | 38.07 | 50.77 | 88.84 | OK | |
r-devel-linux-x86_64-debian-gcc | 0.7-1 | 31.30 | 38.91 | 70.21 | OK | |
r-devel-linux-x86_64-fedora-clang | 0.7-1 | 128.10 | OK | |||
r-devel-linux-x86_64-fedora-gcc | 0.7-1 | 120.01 | OK | |||
r-devel-windows-x86_64 | 0.7-1 | 33.00 | 87.00 | 120.00 | OK | |
r-patched-linux-x86_64 | 0.7-1 | 32.53 | 48.83 | 81.36 | OK | |
r-release-linux-x86_64 | 0.7-1 | 28.89 | 49.15 | 78.04 | OK | |
r-release-macos-arm64 | 0.7-1 | 43.00 | OK | |||
r-release-macos-x86_64 | 0.7-1 | 71.00 | NOTE | |||
r-release-windows-x86_64 | 0.7-1 | 36.00 | 97.00 | 133.00 | OK | |
r-oldrel-macos-arm64 | 0.7-1 | 38.00 | OK | |||
r-oldrel-macos-x86_64 | 0.7-1 | 69.00 | OK | |||
r-oldrel-windows-x86_64 | 0.7-1 | 33.00 | 96.00 | 129.00 | OK |
Version: 0.7-1
Check: package dependencies
Result: NOTE
Package suggested but not available for checking: ‘Rmpfr’
Flavor: r-release-macos-x86_64
Version: 0.7-1
Check: Rd cross-references
Result: NOTE
Package unavailable to check Rd xrefs: ‘Rmpfr’
Flavor: r-release-macos-x86_64