CRAN Package Check Results for Package glue

Last updated on 2019-03-23 13:49:10 CET.

Flavor Version Tinstall Tcheck Ttotal Status Flags
r-devel-linux-x86_64-debian-clang 1.3.1 2.96 29.05 32.01 OK
r-devel-linux-x86_64-debian-gcc 1.3.1 2.08 23.17 25.25 OK
r-devel-linux-x86_64-fedora-clang 1.3.1 40.13 OK
r-devel-linux-x86_64-fedora-gcc 1.3.1 38.56 OK
r-devel-windows-ix86+x86_64 1.3.1 24.00 69.00 93.00 OK
r-patched-linux-x86_64 1.3.1 1.75 26.13 27.88 OK
r-patched-solaris-x86 1.3.1 55.30 OK
r-release-linux-x86_64 1.3.1 0.28 2.37 2.65 ERROR
r-release-windows-ix86+x86_64 1.3.1 11.00 52.00 63.00 OK
r-release-osx-x86_64 1.3.1 OK
r-oldrel-windows-ix86+x86_64 1.3.1 11.00 67.00 78.00 OK
r-oldrel-osx-x86_64 1.3.1 OK

Check Details

Version: 1.3.1
Check: whether package can be installed
Result: ERROR
    Installation failed.
Flavor: r-release-linux-x86_64