CRAN Package Check Results for Package glue

Last updated on 2019-05-22 13:47:19 CEST.

Flavor Version Tinstall Tcheck Ttotal Status Flags
r-devel-linux-x86_64-debian-clang 1.3.1 2.18 29.19 31.37 OK
r-devel-linux-x86_64-debian-gcc 1.3.1 2.08 23.63 25.71 OK
r-devel-linux-x86_64-fedora-clang 1.3.1 39.89 OK
r-devel-linux-x86_64-fedora-gcc 1.3.1 38.30 OK
r-devel-windows-ix86+x86_64 1.3.1 19.00 56.00 75.00 OK
r-patched-linux-x86_64 1.3.1 2.08 28.69 30.77 OK
r-patched-solaris-x86 1.3.1 58.90 OK
r-release-linux-x86_64 1.3.1 1.80 28.67 30.47 OK
r-release-windows-ix86+x86_64 1.3.1 19.00 75.00 94.00 OK
r-release-osx-x86_64 1.3.1 ERROR
r-oldrel-windows-ix86+x86_64 1.3.1 11.00 49.00 60.00 OK
r-oldrel-osx-x86_64 1.3.1 OK

Additional issues

LTO

Check Details

Version: 1.3.1
Check: examples
Result: ERROR
    Running examples in ‘glue-Ex.R’ failed
    The error most likely occurred in:
    
    > ### Name: glue_sql
    > ### Title: Interpolate strings with SQL escaping
    > ### Aliases: glue_sql glue_data_sql
    >
    > ### ** Examples
    >
    > con <- DBI::dbConnect(RSQLite::SQLite(), ":memory:")
    Error in loadNamespace(j <- i[[1L]], c(lib.loc, .libPaths()), versionCheck = vI[[j]]) :
     there is no package called ‘digest’
    Calls: <Anonymous> ... loadNamespace -> withRestarts -> withOneRestart -> doWithOneRestart
    Execution halted
Flavor: r-release-osx-x86_64