Last updated on 2023-03-26 14:50:35 CEST.
Flavor | Version | Tinstall | Tcheck | Ttotal | Status | Flags |
---|---|---|---|---|---|---|
r-devel-linux-x86_64-debian-clang | 1.0.8 | 7.73 | 47.42 | 55.15 | NOTE | |
r-devel-linux-x86_64-debian-gcc | 1.0.8 | 6.90 | 36.26 | 43.16 | NOTE | |
r-devel-linux-x86_64-fedora-clang | 1.0.8 | 71.87 | NOTE | |||
r-devel-linux-x86_64-fedora-gcc | 1.0.8 | 69.30 | NOTE | |||
r-patched-linux-x86_64 | 1.0.8 | 7.88 | 47.01 | 54.89 | NOTE | |
r-release-linux-x86_64 | 1.0.8 | 6.70 | 47.02 | 53.72 | OK | |
r-release-macos-arm64 | 1.0.8 | 22.00 | OK | |||
r-release-macos-x86_64 | 1.0.8 | 35.00 | OK | |||
r-release-windows-x86_64 | 1.0.8 | 33.00 | 82.00 | 115.00 | OK | |
r-oldrel-macos-arm64 | 1.0.8 | 41.00 | OK | |||
r-oldrel-macos-x86_64 | 1.0.8 | 49.00 | OK | |||
r-oldrel-windows-ix86+x86_64 | 1.0.8 | 16.00 | 78.00 | 94.00 | OK |
Version: 1.0.8
Check: Rd files
Result: NOTE
checkRd: (-1) coef.glmulti.Rd:26: Escaped LaTeX specials: \&
checkRd: (-1) coef.glmulti.Rd:27: Escaped LaTeX specials: \&
checkRd: (-1) coef.glmulti.Rd:51: Escaped LaTeX specials: \&
checkRd: (-1) coef.glmulti.Rd:60: Escaped LaTeX specials: \&
checkRd: (-1) coef.glmulti.Rd:61: Escaped LaTeX specials: \&
checkRd: (-1) consensus.Rd:29: Escaped LaTeX specials: \&
checkRd: (-1) getfit.Rd:26: Escaped LaTeX specials: \&
checkRd: (-1) glmulti-class.Rd:26: Escaped LaTeX specials: \&
checkRd: (-1) glmulti.Rd:99: Escaped LaTeX specials: \&
checkRd: (-1) summary.glmulti.Rd:72: Escaped LaTeX specials: \&
Flavors: r-devel-linux-x86_64-debian-clang, r-devel-linux-x86_64-debian-gcc, r-devel-linux-x86_64-fedora-clang, r-devel-linux-x86_64-fedora-gcc, r-patched-linux-x86_64