CRAN Package Check Results for Package glmtree

Last updated on 2022-12-01 13:50:06 CET.

Flavor Version Tinstall Tcheck Ttotal Status Flags
r-devel-linux-x86_64-debian-clang 0.2 2.17 147.30 149.47 NOTE
r-devel-linux-x86_64-debian-gcc 0.2 1.57 105.76 107.33 NOTE
r-devel-linux-x86_64-fedora-clang 0.2 182.61 NOTE
r-devel-linux-x86_64-fedora-gcc 0.2 196.08 NOTE
r-devel-windows-x86_64 0.2 11.00 170.00 181.00 NOTE
r-patched-linux-x86_64 0.2 2.76 140.28 143.04 NOTE
r-release-linux-x86_64 0.2 2.53 141.14 143.67 NOTE
r-release-macos-arm64 0.2 48.00 NOTE
r-release-macos-x86_64 0.2 86.00 NOTE
r-release-windows-x86_64 0.2 22.00 181.00 203.00 NOTE
r-oldrel-macos-arm64 0.2 62.00 NOTE
r-oldrel-macos-x86_64 0.2 81.00 NOTE
r-oldrel-windows-ix86+x86_64 0.2 10.00 178.00 188.00 NOTE

Check Details

Version: 0.2
Check: LazyData
Result: NOTE
     'LazyData' is specified without a 'data' directory
Flavors: r-devel-linux-x86_64-debian-clang, r-devel-linux-x86_64-debian-gcc, r-devel-linux-x86_64-fedora-clang, r-devel-linux-x86_64-fedora-gcc, r-devel-windows-x86_64, r-patched-linux-x86_64, r-release-linux-x86_64, r-release-macos-arm64, r-release-macos-x86_64, r-release-windows-x86_64, r-oldrel-macos-arm64, r-oldrel-macos-x86_64, r-oldrel-windows-ix86+x86_64