Last updated on 2023-02-07 01:56:35 CET.
Flavor | Version | Tinstall | Tcheck | Ttotal | Status | Flags |
---|---|---|---|---|---|---|
r-devel-linux-x86_64-debian-clang | 4.1-6 | 147.41 | 293.93 | 441.34 | NOTE | |
r-devel-linux-x86_64-debian-gcc | 4.1-6 | 119.16 | 224.47 | 343.63 | NOTE | |
r-devel-linux-x86_64-fedora-clang | 4.1-6 | 567.25 | NOTE | |||
r-devel-linux-x86_64-fedora-gcc | 4.1-6 | 552.71 | NOTE | |||
r-devel-windows-x86_64 | 4.1-6 | 321.00 | 443.00 | 764.00 | NOTE | |
r-patched-linux-x86_64 | 4.1-6 | 120.77 | 282.58 | 403.35 | OK | |
r-release-linux-x86_64 | 4.1-6 | 125.98 | 270.55 | 396.53 | OK | |
r-release-macos-arm64 | 4.1-6 | 148.00 | NOTE | |||
r-release-macos-x86_64 | 4.1-6 | 181.00 | NOTE | |||
r-release-windows-x86_64 | 4.1-6 | 330.00 | 431.00 | 761.00 | OK | |
r-oldrel-macos-arm64 | 4.1-6 | 151.00 | NOTE | |||
r-oldrel-macos-x86_64 | 4.1-6 | 185.00 | NOTE | |||
r-oldrel-windows-ix86+x86_64 | 4.1-6 | 262.00 | 453.00 | 715.00 | NOTE |
Version: 4.1-6
Check: C++ specification
Result: NOTE
Specified C++14: please update to current default of C++17
Flavors: r-devel-linux-x86_64-debian-clang, r-devel-linux-x86_64-debian-gcc, r-devel-linux-x86_64-fedora-clang, r-devel-linux-x86_64-fedora-gcc, r-devel-windows-x86_64
Version: 4.1-6
Check: installed package size
Result: NOTE
installed size is 35.6Mb
sub-directories of 1Mb or more:
libs 33.6Mb
Flavors: r-release-macos-arm64, r-release-macos-x86_64, r-oldrel-macos-arm64, r-oldrel-macos-x86_64, r-oldrel-windows-ix86+x86_64