CRAN Package Check Results for Package glmmsr

Last updated on 2021-06-17 02:50:42 CEST.

Flavor Version Tinstall Tcheck Ttotal Status Flags
r-devel-linux-x86_64-debian-clang 0.2.3 448.50 110.56 559.06 OK --no-vignettes
r-devel-linux-x86_64-debian-gcc 0.2.3 279.02 88.75 367.77 OK --no-vignettes
r-devel-linux-x86_64-fedora-clang 0.2.3 1319.12 NOTE
r-devel-linux-x86_64-fedora-gcc 0.2.3 1245.23 OK
r-devel-windows-x86_64 0.2.3 534.00 152.00 686.00 OK --no-vignettes
r-devel-windows-x86_64-gcc10-UCRT 0.2.3 OK
r-patched-linux-x86_64 0.2.3 329.84 112.33 442.17 OK --no-vignettes
r-patched-solaris-x86 0.2.3 1601.20 OK
r-release-linux-x86_64 0.2.3 331.68 111.61 443.29 OK --no-vignettes
r-release-macos-arm64 0.2.3 NOTE
r-release-macos-x86_64 0.2.3 NOTE
r-release-windows-ix86+x86_64 0.2.3 1006.00 197.00 1203.00 OK --no-vignettes
r-oldrel-macos-x86_64 0.2.3 NOTE
r-oldrel-windows-ix86+x86_64 0.2.3 740.00 275.00 1015.00 OK --no-vignettes

Additional issues

clang-UBSAN gcc-UBSAN

Check Details

Version: 0.2.3
Check: installed package size
Result: NOTE
     installed size is 44.7Mb
     sub-directories of 1Mb or more:
     libs 43.8Mb
Flavors: r-devel-linux-x86_64-fedora-clang, r-release-macos-arm64, r-release-macos-x86_64, r-oldrel-macos-x86_64