CRAN Package Check Results for Package glmglrt

Last updated on 2022-12-08 20:49:15 CET.

Flavor Version Tinstall Tcheck Ttotal Status Flags
r-devel-linux-x86_64-debian-clang 0.2.2 4.13 119.79 123.92 NOTE
r-devel-linux-x86_64-debian-gcc 0.2.2 3.07 94.10 97.17 NOTE
r-devel-linux-x86_64-fedora-clang 0.2.2 165.35 NOTE
r-devel-linux-x86_64-fedora-gcc 0.2.2 159.40 NOTE
r-devel-windows-x86_64 0.2.2 26.00 162.00 188.00 NOTE
r-patched-linux-x86_64 0.2.2 6.94 111.16 118.10 NOTE
r-release-linux-x86_64 0.2.2 4.41 117.01 121.42 NOTE
r-release-macos-arm64 0.2.2 41.00 NOTE
r-release-macos-x86_64 0.2.2 61.00 NOTE
r-release-windows-x86_64 0.2.2 22.00 155.00 177.00 NOTE
r-oldrel-macos-arm64 0.2.2 53.00 NOTE
r-oldrel-macos-x86_64 0.2.2 86.00 NOTE
r-oldrel-windows-ix86+x86_64 0.2.2 19.00 147.00 166.00 NOTE

Check Details

Version: 0.2.2
Check: LazyData
Result: NOTE
     'LazyData' is specified without a 'data' directory
Flavors: r-devel-linux-x86_64-debian-clang, r-devel-linux-x86_64-debian-gcc, r-devel-linux-x86_64-fedora-clang, r-devel-linux-x86_64-fedora-gcc, r-devel-windows-x86_64, r-patched-linux-x86_64, r-release-linux-x86_64, r-release-macos-arm64, r-release-macos-x86_64, r-release-windows-x86_64, r-oldrel-macos-arm64, r-oldrel-macos-x86_64, r-oldrel-windows-ix86+x86_64