CRAN Package Check Results for Package glmdisc

Last updated on 2022-12-01 12:58:00 CET.

Flavor Version Tinstall Tcheck Ttotal Status Flags
r-devel-linux-x86_64-debian-clang 0.6 48.17 504.01 552.18 NOTE
r-devel-linux-x86_64-debian-gcc 0.6 35.10 350.35 385.45 NOTE
r-devel-linux-x86_64-fedora-clang 0.6 660.23 NOTE
r-devel-linux-x86_64-fedora-gcc 0.6 644.73 NOTE
r-devel-windows-x86_64 0.6 52.00 528.00 580.00 NOTE
r-patched-linux-x86_64 0.6 37.69 474.96 512.65 NOTE
r-release-linux-x86_64 0.6 31.15 479.75 510.90 NOTE
r-release-macos-arm64 0.6 150.00 NOTE
r-release-macos-x86_64 0.6 249.00 NOTE
r-release-windows-x86_64 0.6 63.00 531.00 594.00 NOTE
r-oldrel-macos-arm64 0.6 170.00 NOTE
r-oldrel-macos-x86_64 0.6 254.00 NOTE
r-oldrel-windows-ix86+x86_64 0.6 117.00 745.00 862.00 NOTE

Check Details

Version: 0.6
Check: LazyData
Result: NOTE
     'LazyData' is specified without a 'data' directory
Flavors: r-devel-linux-x86_64-debian-clang, r-devel-linux-x86_64-debian-gcc, r-devel-linux-x86_64-fedora-clang, r-devel-linux-x86_64-fedora-gcc, r-devel-windows-x86_64, r-patched-linux-x86_64, r-release-linux-x86_64, r-release-macos-arm64, r-release-macos-x86_64, r-release-windows-x86_64, r-oldrel-macos-arm64, r-oldrel-macos-x86_64, r-oldrel-windows-ix86+x86_64