CRAN Package Check Results for Package glmc

Last updated on 2022-12-09 01:50:29 CET.

Flavor Version Tinstall Tcheck Ttotal Status Flags
r-devel-linux-x86_64-debian-clang 0.3-1 11.05 83.18 94.23 NOTE
r-devel-linux-x86_64-debian-gcc 0.3-1 8.02 68.17 76.19 NOTE
r-devel-linux-x86_64-fedora-clang 0.3-1 128.50 NOTE
r-devel-linux-x86_64-fedora-gcc 0.3-1 123.87 NOTE
r-devel-windows-x86_64 0.3-1 16.00 123.00 139.00 NOTE
r-patched-linux-x86_64 0.3-1 8.46 80.86 89.32 OK
r-release-linux-x86_64 0.3-1 10.43 82.79 93.22 OK
r-release-macos-arm64 0.3-1 52.00 OK
r-release-macos-x86_64 0.3-1 50.00 OK
r-release-windows-x86_64 0.3-1 15.00 118.00 133.00 OK
r-oldrel-macos-arm64 0.3-1 42.00 OK
r-oldrel-macos-x86_64 0.3-1 60.00 OK
r-oldrel-windows-ix86+x86_64 0.3-1 21.00 107.00 128.00 OK

Check Details

Version: 0.3-1
Check: Rd files
Result: NOTE
    checkRd: (-1) glmc.Rd:232: Escaped LaTeX specials: \&
    checkRd: (-1) glmc.Rd:241: Escaped LaTeX specials: \&
    checkRd: (-1) glmc.control.Rd:29: Escaped LaTeX specials: \$
    checkRd: (-1) glmc.control.Rd:31: Escaped LaTeX specials: \$
    checkRd: (-1) glmc.summaries.Rd:79: Escaped LaTeX specials: \&
Flavors: r-devel-linux-x86_64-debian-clang, r-devel-linux-x86_64-debian-gcc, r-devel-linux-x86_64-fedora-clang, r-devel-linux-x86_64-fedora-gcc, r-devel-windows-x86_64