CRAN Package Check Results for Package glmaag

Last updated on 2019-09-16 06:49:19 CEST.

Flavor Version Tinstall Tcheck Ttotal Status Flags
r-devel-linux-x86_64-debian-clang 0.0.6 177.70 107.40 285.10 NOTE
r-devel-linux-x86_64-debian-gcc 0.0.6 136.94 83.41 220.35 NOTE
r-devel-linux-x86_64-fedora-clang 0.0.6 406.94 NOTE
r-devel-linux-x86_64-fedora-gcc 0.0.6 395.48 OK
r-devel-windows-ix86+x86_64 0.0.6 385.00 237.00 622.00 NOTE
r-patched-linux-x86_64 0.0.6 138.78 104.34 243.12 OK
r-patched-solaris-x86 0.0.6 356.50 OK
r-release-linux-x86_64 0.0.6 140.20 104.85 245.05 OK
r-release-windows-ix86+x86_64 0.0.6 282.00 161.00 443.00 OK
r-release-osx-x86_64 0.0.6 NOTE
r-oldrel-osx-x86_64 0.0.6 ERROR

Check Details

Version: 0.0.6
Check: package vignettes
Result: NOTE
    Package vignette with placeholder title 'Vignette Title':
     'glmaag.Rmd'
Flavors: r-devel-linux-x86_64-debian-clang, r-devel-linux-x86_64-debian-gcc, r-devel-windows-ix86+x86_64

Version: 0.0.6
Check: installed package size
Result: NOTE
     installed size is 14.3Mb
     sub-directories of 1Mb or more:
     libs 14.0Mb
Flavors: r-devel-linux-x86_64-fedora-clang, r-release-osx-x86_64

Version: 0.0.6
Check: whether package can be installed
Result: ERROR
    Installation failed.
Flavor: r-oldrel-osx-x86_64