CRAN Package Check Results for Package glmaag

Last updated on 2020-01-19 21:48:44 CET.

Flavor Version Tinstall Tcheck Ttotal Status Flags
r-devel-linux-x86_64-debian-clang 0.0.6 189.64 120.26 309.90 NOTE
r-devel-linux-x86_64-debian-gcc 0.0.6 133.47 91.37 224.84 NOTE
r-devel-linux-x86_64-fedora-clang 0.0.6 429.87 NOTE
r-devel-linux-x86_64-fedora-gcc 0.0.6 426.37 OK
r-devel-windows-ix86+x86_64 0.0.6 437.00 284.00 721.00 NOTE
r-devel-windows-ix86+x86_64-gcc8 0.0.6 366.00 269.00 635.00 NOTE
r-patched-linux-x86_64 0.0.6 141.49 105.35 246.84 OK
r-patched-solaris-x86 0.0.6 392.20 OK
r-release-linux-x86_64 0.0.6 147.85 104.44 252.29 OK
r-release-windows-ix86+x86_64 0.0.6 408.00 164.00 572.00 OK
r-release-osx-x86_64 0.0.6 NOTE
r-oldrel-osx-x86_64 0.0.6 ERROR

Check Details

Version: 0.0.6
Check: package vignettes
Result: NOTE
    Package vignette with placeholder title 'Vignette Title':
     'glmaag.Rmd'
Flavors: r-devel-linux-x86_64-debian-clang, r-devel-linux-x86_64-debian-gcc, r-devel-windows-ix86+x86_64, r-devel-windows-ix86+x86_64-gcc8

Version: 0.0.6
Check: installed package size
Result: NOTE
     installed size is 14.7Mb
     sub-directories of 1Mb or more:
     libs 14.4Mb
Flavors: r-devel-linux-x86_64-fedora-clang, r-release-osx-x86_64

Version: 0.0.6
Check: whether package can be installed
Result: ERROR
    Installation failed.
Flavor: r-oldrel-osx-x86_64