Last updated on 2023-06-09 16:56:56 CEST.
Flavor | Version | Tinstall | Tcheck | Ttotal | Status | Flags |
---|---|---|---|---|---|---|
r-devel-linux-x86_64-debian-clang | 1.5 | 2.42 | 39.55 | 41.97 | NOTE | |
r-devel-linux-x86_64-debian-gcc | 1.5 | 2.44 | 30.55 | 32.99 | NOTE | |
r-devel-linux-x86_64-fedora-clang | 1.5 | 54.91 | NOTE | |||
r-devel-linux-x86_64-fedora-gcc | 1.5 | 52.30 | NOTE | |||
r-devel-windows-x86_64 | 1.5 | 5.00 | 59.00 | 64.00 | NOTE | |
r-patched-linux-x86_64 | 1.5 | 3.09 | 38.64 | 41.73 | NOTE | |
r-release-linux-x86_64 | 1.5 | 3.92 | 37.88 | 41.80 | NOTE | |
r-release-macos-arm64 | 1.5 | 23.00 | NOTE | |||
r-release-macos-x86_64 | 1.5 | 32.00 | NOTE | |||
r-release-windows-x86_64 | 1.5 | 6.00 | 62.00 | 68.00 | NOTE | |
r-oldrel-macos-arm64 | 1.5 | 20.00 | NOTE | |||
r-oldrel-macos-x86_64 | 1.5 | 27.00 | NOTE | |||
r-oldrel-windows-x86_64 | 1.5 | 5.00 | 55.00 | 60.00 | NOTE |
Version: 1.5
Check: LazyData
Result: NOTE
'LazyData' is specified without a 'data' directory
Flavors: r-devel-linux-x86_64-debian-clang, r-devel-linux-x86_64-debian-gcc, r-devel-linux-x86_64-fedora-clang, r-devel-linux-x86_64-fedora-gcc, r-devel-windows-x86_64, r-patched-linux-x86_64, r-release-linux-x86_64, r-release-macos-arm64, r-release-macos-x86_64, r-release-windows-x86_64, r-oldrel-macos-arm64, r-oldrel-macos-x86_64, r-oldrel-windows-x86_64