CRAN Package Check Results for Package glba

Last updated on 2019-05-23 00:22:44 CEST.

Flavor Version Tinstall Tcheck Ttotal Status Flags
r-devel-linux-x86_64-debian-clang 0.2 2.07 23.37 25.44 NOTE
r-devel-linux-x86_64-debian-gcc 0.2 1.74 18.51 20.25 NOTE
r-devel-linux-x86_64-fedora-clang 0.2 30.62 NOTE
r-devel-linux-x86_64-fedora-gcc 0.2 29.23 NOTE
r-devel-windows-ix86+x86_64 0.2 11.00 49.00 60.00 NOTE
r-patched-linux-x86_64 0.2 1.96 23.57 25.53 NOTE
r-patched-solaris-x86 0.2 45.30 NOTE
r-release-linux-x86_64 0.2 2.15 23.56 25.71 NOTE
r-release-windows-ix86+x86_64 0.2 6.00 34.00 40.00 NOTE
r-release-osx-x86_64 0.2 NOTE
r-oldrel-windows-ix86+x86_64 0.2 3.00 32.00 35.00 NOTE
r-oldrel-osx-x86_64 0.2 NOTE

Check Details

Version: 0.2
Check: R code for possible problems
Result: NOTE
    fptcdf: no visible global function definition for 'dnorm'
    fptcdf: no visible global function definition for 'pnorm'
    fptpdf: no visible global function definition for 'pnorm'
    fptpdf: no visible global function definition for 'dnorm'
    lba: no visible global function definition for 'as.formula'
    lba: no visible global function definition for 'model.frame'
    lba : logl: no visible global function definition for 'head'
    lba: no visible global function definition for 'optim'
    pmod: no visible global function definition for 'model.frame'
    pmod: no visible global function definition for 'model.matrix'
    rlba: no visible global function definition for 'pnorm'
    rlba: no visible global function definition for 'rnorm'
    rlba: no visible global function definition for 'runif'
    tablba: no visible global function definition for 'pnorm'
    Undefined global functions or variables:
     as.formula dnorm head model.frame model.matrix optim pnorm rnorm
     runif
    Consider adding
     importFrom("stats", "as.formula", "dnorm", "model.frame",
     "model.matrix", "optim", "pnorm", "rnorm", "runif")
     importFrom("utils", "head")
    to your NAMESPACE file.
Flavors: r-devel-linux-x86_64-debian-clang, r-devel-linux-x86_64-debian-gcc, r-devel-linux-x86_64-fedora-clang, r-devel-linux-x86_64-fedora-gcc, r-devel-windows-ix86+x86_64, r-patched-linux-x86_64, r-patched-solaris-x86, r-release-linux-x86_64, r-release-windows-ix86+x86_64, r-release-osx-x86_64, r-oldrel-windows-ix86+x86_64, r-oldrel-osx-x86_64