CRAN Package Check Results for Package glamlasso

Last updated on 2024-02-26 23:53:08 CET.

Flavor Version Tinstall Tcheck Ttotal Status Flags
r-devel-linux-x86_64-debian-clang 3.0.1 97.66 35.75 133.41 NOTE
r-devel-linux-x86_64-debian-gcc 3.0.1 255.04 28.13 283.17 NOTE
r-devel-linux-x86_64-fedora-clang 3.0.1 180.17 NOTE
r-devel-linux-x86_64-fedora-gcc 3.0.1 421.76 NOTE
r-devel-windows-x86_64 3.0.1 259.00 78.00 337.00 NOTE
r-patched-linux-x86_64 3.0.1 295.27 35.91 331.18 NOTE
r-release-linux-x86_64 3.0.1 257.49 36.28 293.77 NOTE
r-release-macos-arm64 3.0.1 62.00 NOTE
r-release-macos-x86_64 3.0.1 123.00 NOTE
r-release-windows-x86_64 3.0.1 338.00 81.00 419.00 NOTE
r-oldrel-macos-arm64 3.0.1 61.00 NOTE
r-oldrel-windows-x86_64 3.0.1 105.00 80.00 185.00 OK

Check Details

Version: 3.0.1
Check: C++ specification
Result: NOTE Specified C++11: please drop specification unless essential Flavors: r-devel-linux-x86_64-debian-clang, r-devel-linux-x86_64-debian-gcc, r-devel-linux-x86_64-fedora-clang, r-devel-linux-x86_64-fedora-gcc, r-devel-windows-x86_64, r-patched-linux-x86_64, r-release-linux-x86_64, r-release-macos-arm64, r-release-macos-x86_64, r-release-windows-x86_64

Version: 3.0.1
Check: installed package size
Result: NOTE installed size is 10.5Mb sub-directories of 1Mb or more: libs 10.3Mb Flavors: r-release-macos-arm64, r-release-macos-x86_64, r-oldrel-macos-arm64