CRAN Package Check Results for Package gkmSVM

Last updated on 2020-07-10 00:47:59 CEST.

Flavor Version Tinstall Tcheck Ttotal Status Flags
r-devel-linux-x86_64-debian-clang 0.80.0 57.65 42.14 99.79 OK
r-devel-linux-x86_64-debian-gcc 0.80.0 43.30 33.02 76.32 OK
r-devel-linux-x86_64-fedora-clang 0.80.0 160.17 OK
r-devel-linux-x86_64-fedora-gcc 0.80.0 120.90 OK
r-devel-windows-ix86+x86_64 0.80.0 121.00 80.00 201.00 OK
r-patched-linux-x86_64 0.80.0 46.19 41.63 87.82 OK
r-patched-solaris-x86 0.80.0 132.60 OK
r-release-linux-x86_64 0.80.0 40.91 41.65 82.56 OK
r-release-osx-x86_64 0.80.0 NOTE
r-release-windows-ix86+x86_64 0.80.0 159.00 69.00 228.00 OK
r-oldrel-osx-x86_64 0.80.0 NOTE
r-oldrel-windows-ix86+x86_64 0.80.0 146.00 66.00 212.00 OK

Check Details

Version: 0.80.0
Check: package dependencies
Result: NOTE
    Packages suggested but not available for checking:
     'BSgenome.Hsapiens.UCSC.hg18.masked',
     'BSgenome.Hsapiens.UCSC.hg19.masked'
Flavors: r-release-osx-x86_64, r-oldrel-osx-x86_64