CRAN Package Check Results for Package gjam

Last updated on 2021-12-05 22:48:53 CET.

Flavor Version Tinstall Tcheck Ttotal Status Flags
r-devel-linux-x86_64-debian-clang 2.5 52.39 120.04 172.43 OK
r-devel-linux-x86_64-debian-gcc 2.5 45.49 88.47 133.96 OK
r-devel-linux-x86_64-fedora-clang 2.5 237.46 OK
r-devel-linux-x86_64-fedora-gcc 2.5 218.34 OK
r-devel-windows-x86_64-new-UL 2.5 82.00 171.00 253.00 OK
r-devel-windows-x86_64-new-TK 2.5 OK
r-devel-windows-x86_64-old 2.5 80.00 106.00 186.00 OK
r-patched-linux-x86_64 2.5 53.76 107.52 161.28 OK
r-release-linux-x86_64 2.5 56.21 114.52 170.73 OK
r-release-macos-arm64 2.5 NOTE
r-release-macos-x86_64 2.5 OK
r-release-windows-ix86+x86_64 2.5 129.00 149.00 278.00 OK
r-oldrel-macos-x86_64 2.5 OK
r-oldrel-windows-ix86+x86_64 2.5 125.00 146.00 271.00 OK

Check Details

Version: 2.5
Check: installed package size
Result: NOTE
     installed size is 5.2Mb
     sub-directories of 1Mb or more:
     libs 3.8Mb
Flavor: r-release-macos-arm64