CRAN Package Check Results for Package githubinstall

Last updated on 2022-06-30 02:52:25 CEST.

Flavor Version Tinstall Tcheck Ttotal Status Flags
r-devel-linux-x86_64-debian-clang 0.2.2 6.51 76.07 82.58 OK
r-devel-linux-x86_64-debian-gcc 0.2.2 5.36 53.88 59.24 OK
r-devel-linux-x86_64-fedora-clang 0.2.2 105.88 NOTE
r-devel-linux-x86_64-fedora-gcc 0.2.2 104.77 NOTE
r-devel-windows-x86_64 0.2.2 33.00 97.00 130.00 OK
r-patched-linux-x86_64 0.2.2 12.07 68.59 80.66 OK
r-release-linux-x86_64 0.2.2 5.64 70.59 76.23 OK
r-release-macos-arm64 0.2.2 32.00 NOTE
r-release-macos-x86_64 0.2.2 54.00 NOTE
r-release-windows-x86_64 0.2.2 34.00 102.00 136.00 OK
r-oldrel-macos-arm64 0.2.2 39.00 NOTE
r-oldrel-macos-x86_64 0.2.2 58.00 NOTE
r-oldrel-windows-ix86+x86_64 0.2.2 19.00 89.00 108.00 OK

Check Details

Version: 0.2.2
Check: dependencies in R code
Result: NOTE
    Namespace in Imports field not imported from: ‘mockery’
     All declared Imports should be used.
Flavors: r-devel-linux-x86_64-fedora-clang, r-devel-linux-x86_64-fedora-gcc, r-release-macos-arm64, r-release-macos-x86_64, r-oldrel-macos-arm64, r-oldrel-macos-x86_64