CRAN Package Check Results for Package gitcreds

Last updated on 2022-05-27 19:53:56 CEST.

Flavor Version Tinstall Tcheck Ttotal Status Flags
r-devel-linux-x86_64-debian-clang 0.1.1 2.27 39.02 41.29 NOTE
r-devel-linux-x86_64-debian-gcc 0.1.1 1.41 30.34 31.75 NOTE
r-devel-linux-x86_64-fedora-clang 0.1.1 50.50 NOTE
r-devel-linux-x86_64-fedora-gcc 0.1.1 50.23 NOTE
r-devel-windows-x86_64 0.1.1 22.00 60.00 82.00 NOTE
r-patched-linux-x86_64 0.1.1 2.39 37.74 40.13 NOTE
r-release-linux-x86_64 0.1.1 1.87 37.84 39.71 NOTE
r-release-macos-arm64 0.1.1 21.00 NOTE
r-release-macos-x86_64 0.1.1 27.00 NOTE
r-release-windows-x86_64 0.1.1 37.00 64.00 101.00 NOTE
r-oldrel-macos-arm64 0.1.1 24.00 NOTE
r-oldrel-macos-x86_64 0.1.1 32.00 NOTE
r-oldrel-windows-ix86+x86_64 0.1.1 8.00 50.00 58.00 NOTE

Check Details

Version: 0.1.1
Check: LazyData
Result: NOTE
     'LazyData' is specified without a 'data' directory
Flavors: r-devel-linux-x86_64-debian-clang, r-devel-linux-x86_64-debian-gcc, r-devel-linux-x86_64-fedora-clang, r-devel-linux-x86_64-fedora-gcc, r-devel-windows-x86_64, r-patched-linux-x86_64, r-release-linux-x86_64, r-release-macos-arm64, r-release-macos-x86_64, r-release-windows-x86_64, r-oldrel-macos-arm64, r-oldrel-macos-x86_64, r-oldrel-windows-ix86+x86_64