CRAN Package Check Results for Package giphyr

Last updated on 2019-04-24 14:47:26 CEST.

Flavor Version Tinstall Tcheck Ttotal Status Flags
r-devel-linux-x86_64-debian-clang 0.1.3 4.16 32.93 37.09 OK
r-devel-linux-x86_64-debian-gcc 0.1.3 3.00 25.51 28.51 ERROR
r-devel-linux-x86_64-fedora-clang 0.1.3 43.81 OK
r-devel-linux-x86_64-fedora-gcc 0.1.3 41.37 OK
r-devel-windows-ix86+x86_64 0.1.3 16.00 49.00 65.00 OK
r-patched-linux-x86_64 0.1.3 3.61 31.83 35.44 OK
r-patched-solaris-x86 0.1.3 66.40 OK
r-release-linux-x86_64 0.1.3 2.86 30.40 33.26 ERROR
r-release-windows-ix86+x86_64 0.1.3 8.00 69.00 77.00 OK
r-release-osx-x86_64 0.1.3 OK
r-oldrel-windows-ix86+x86_64 0.1.3 7.00 82.00 89.00 OK
r-oldrel-osx-x86_64 0.1.3 OK

Check Details

Version: 0.1.3
Check: examples
Result: ERROR
    Running examples in ‘giphyr-Ex.R’ failed
    The error most likely occurred in:
    
    > base::assign(".ptime", proc.time(), pos = "CheckExEnv")
    > ### Name: gif_search
    > ### Title: Search GIFs by key words throught giphy API
    > ### Aliases: gif_search
    >
    > ### ** Examples
    >
    > gif_search("cat")
    Error in gif_search("cat") :
     HTML status code 429 received. Please wait for a while and retry.
    Execution halted
Flavors: r-devel-linux-x86_64-debian-gcc, r-release-linux-x86_64