CRAN Package Check Results for Package gigg

Last updated on 2021-12-03 03:55:32 CET.

Flavor Version Tinstall Tcheck Ttotal Status Flags
r-devel-linux-x86_64-debian-clang 0.2.1 44.04 27.04 71.08 OK
r-devel-linux-x86_64-debian-gcc 0.2.1 36.90 21.86 58.76 OK
r-devel-linux-x86_64-fedora-clang 0.2.1 119.68 OK
r-devel-linux-x86_64-fedora-gcc 0.2.1 100.17 OK
r-devel-windows-x86_64-new-UL 0.2.1 61.00 89.00 150.00 OK
r-devel-windows-x86_64-new-TK 0.2.1 OK
r-devel-windows-x86_64-old 0.2.1 58.00 43.00 101.00 OK
r-patched-linux-x86_64 0.2.1 37.20 26.82 64.02 OK
r-patched-solaris-x86 0.2.1 107.50 OK
r-release-linux-x86_64 0.2.1 39.34 26.41 65.75 OK
r-release-macos-arm64 0.2.1 NOTE
r-release-macos-x86_64 0.2.1 OK
r-release-windows-ix86+x86_64 0.2.1 114.00 70.00 184.00 OK
r-oldrel-macos-x86_64 0.2.1 OK
r-oldrel-windows-ix86+x86_64 0.2.1 110.00 76.00 186.00 OK

Check Details

Version: 0.2.1
Check: installed package size
Result: NOTE
     installed size is 5.5Mb
     sub-directories of 1Mb or more:
     libs 4.9Mb
Flavor: r-release-macos-arm64