Last updated on 2023-12-11 18:53:29 CET.
Flavor | Version | Tinstall | Tcheck | Ttotal | Status | Flags |
---|---|---|---|---|---|---|
r-devel-linux-x86_64-debian-clang | 1.0.0 | 3.63 | 33.95 | 37.58 | OK | |
r-devel-linux-x86_64-debian-gcc | 1.0.0 | 3.32 | 26.10 | 29.42 | OK | |
r-devel-linux-x86_64-fedora-clang | 1.0.0 | 49.23 | NOTE | |||
r-devel-linux-x86_64-fedora-gcc | 1.0.0 | 47.84 | OK | |||
r-devel-windows-x86_64 | 1.0.0 | 9.00 | 48.00 | 57.00 | NOTE | |
r-patched-linux-x86_64 | 1.0.0 | 4.32 | 33.81 | 38.13 | OK | |
r-release-linux-x86_64 | 1.0.0 | 4.86 | 33.59 | 38.45 | OK | |
r-release-macos-arm64 | 1.0.0 | 49.00 | NOTE | |||
r-release-macos-x86_64 | 1.0.0 | 60.00 | NOTE | |||
r-release-windows-x86_64 | 1.0.0 | 10.00 | 51.00 | 61.00 | NOTE | |
r-oldrel-macos-arm64 | 1.0.0 | 52.00 | NOTE | |||
r-oldrel-macos-x86_64 | 1.0.0 | 52.00 | NOTE | |||
r-oldrel-windows-x86_64 | 1.0.0 | 10.00 | 55.00 | 65.00 | NOTE |
Version: 1.0.0
Check: installed package size
Result: NOTE
installed size is 18.0Mb
sub-directories of 1Mb or more:
Giac 17.9Mb
Flavors: r-devel-linux-x86_64-fedora-clang, r-devel-windows-x86_64, r-release-macos-arm64, r-release-macos-x86_64, r-release-windows-x86_64, r-oldrel-macos-arm64, r-oldrel-macos-x86_64, r-oldrel-windows-x86_64