CRAN Package Check Results for Package ghypernet

Last updated on 2022-11-30 12:54:32 CET.

Flavor Version Tinstall Tcheck Ttotal Status Flags
r-devel-linux-x86_64-debian-clang 1.1.0 38.19 301.77 339.96 OK
r-devel-linux-x86_64-debian-gcc 1.1.0 27.90 215.69 243.59 OK
r-devel-linux-x86_64-fedora-clang 1.1.0 431.59 NOTE
r-devel-linux-x86_64-fedora-gcc 1.1.0 442.86 NOTE
r-devel-windows-x86_64 1.1.0 73.00 362.00 435.00 OK
r-patched-linux-x86_64 1.1.0 31.04 279.83 310.87 OK
r-release-linux-x86_64 1.1.0 31.49 275.70 307.19 OK
r-release-macos-arm64 1.1.0 96.00 NOTE
r-release-macos-x86_64 1.1.0 165.00 NOTE
r-release-windows-x86_64 1.1.0 73.00 343.00 416.00 OK
r-oldrel-macos-arm64 1.1.0 105.00 NOTE
r-oldrel-macos-x86_64 1.1.0 126.00 NOTE
r-oldrel-windows-ix86+x86_64 1.1.0 56.00 341.00 397.00 OK

Check Details

Version: 1.1.0
Check: dependencies in R code
Result: NOTE
    Namespace in Imports field not imported from: ‘methods’
     All declared Imports should be used.
Flavors: r-devel-linux-x86_64-fedora-clang, r-devel-linux-x86_64-fedora-gcc, r-release-macos-arm64, r-release-macos-x86_64, r-oldrel-macos-arm64, r-oldrel-macos-x86_64

Version: 1.1.0
Check: data for non-ASCII characters
Result: NOTE
     Note: found 11 marked UTF-8 strings
Flavors: r-devel-linux-x86_64-fedora-clang, r-devel-linux-x86_64-fedora-gcc, r-release-macos-arm64, r-release-macos-x86_64, r-oldrel-macos-arm64, r-oldrel-macos-x86_64