Last updated on 2021-01-20 13:47:41 CET.
Flavor | Version | Tinstall | Tcheck | Ttotal | Status | Flags |
---|---|---|---|---|---|---|
r-devel-linux-x86_64-debian-clang | 1.0.1 | 29.63 | 193.48 | 223.11 | OK | |
r-devel-linux-x86_64-debian-gcc | 1.0.1 | 25.93 | 138.04 | 163.97 | OK | |
r-devel-linux-x86_64-fedora-clang | 1.0.1 | 269.28 | NOTE | |||
r-devel-linux-x86_64-fedora-gcc | 1.0.1 | 262.64 | NOTE | |||
r-devel-windows-ix86+x86_64 | 1.0.1 | 36.00 | 185.00 | 221.00 | OK | |
r-patched-linux-x86_64 | 1.0.1 | 27.53 | 179.90 | 207.43 | OK | |
r-patched-solaris-x86 | 1.0.1 | 354.90 | NOTE | |||
r-release-linux-x86_64 | 1.0.1 | 28.74 | 180.49 | 209.23 | OK | |
r-release-macos-x86_64 | 1.0.1 | NOTE | ||||
r-release-windows-ix86+x86_64 | 1.0.1 | 42.00 | 188.00 | 230.00 | OK | |
r-oldrel-macos-x86_64 | 1.0.1 | NOTE | ||||
r-oldrel-windows-ix86+x86_64 | 1.0.1 | 30.00 | 165.00 | 195.00 | OK |
Version: 1.0.1
Check: dependencies in R code
Result: NOTE
Namespace in Imports field not imported from: ‘methods’
All declared Imports should be used.
Flavors: r-devel-linux-x86_64-fedora-clang, r-devel-linux-x86_64-fedora-gcc, r-patched-solaris-x86, r-release-macos-x86_64, r-oldrel-macos-x86_64
Version: 1.0.1
Check: data for non-ASCII characters
Result: NOTE
Note: found 11 marked UTF-8 strings
Flavors: r-devel-linux-x86_64-fedora-clang, r-devel-linux-x86_64-fedora-gcc, r-patched-solaris-x86, r-release-macos-x86_64, r-oldrel-macos-x86_64