Last updated on 2021-04-14 10:49:11 CEST.
Flavor | Version | Tinstall | Tcheck | Ttotal | Status | Flags |
---|---|---|---|---|---|---|
r-devel-linux-x86_64-debian-clang | 1.0.1 | 28.85 | 196.78 | 225.63 | OK | |
r-devel-linux-x86_64-debian-gcc | 1.0.1 | 24.30 | 140.26 | 164.56 | OK | |
r-devel-linux-x86_64-fedora-clang | 1.0.1 | 283.66 | NOTE | |||
r-devel-linux-x86_64-fedora-gcc | 1.0.1 | 262.55 | NOTE | |||
r-devel-windows-ix86+x86_64 | 1.0.1 | 56.00 | 234.00 | 290.00 | OK | |
r-devel-windows-x86_64-gcc10-UCRT | 1.0.1 | NOTE | ||||
r-patched-linux-x86_64 | 1.0.1 | 27.32 | 181.86 | 209.18 | OK | |
r-patched-solaris-x86 | 1.0.1 | 383.30 | NOTE | |||
r-release-linux-x86_64 | 1.0.1 | 25.38 | 181.59 | 206.97 | OK | |
r-release-macos-x86_64 | 1.0.1 | NOTE | ||||
r-release-windows-ix86+x86_64 | 1.0.1 | 61.00 | 233.00 | 294.00 | OK | |
r-oldrel-macos-x86_64 | 1.0.1 | NOTE | ||||
r-oldrel-windows-ix86+x86_64 | 1.0.1 | 37.00 | 160.00 | 197.00 | OK |
Version: 1.0.1
Check: dependencies in R code
Result: NOTE
Namespace in Imports field not imported from: ‘methods’
All declared Imports should be used.
Flavors: r-devel-linux-x86_64-fedora-clang, r-devel-linux-x86_64-fedora-gcc, r-devel-windows-x86_64-gcc10-UCRT, r-patched-solaris-x86, r-release-macos-x86_64, r-oldrel-macos-x86_64
Version: 1.0.1
Check: data for non-ASCII characters
Result: NOTE
Note: found 11 marked UTF-8 strings
Flavors: r-devel-linux-x86_64-fedora-clang, r-devel-linux-x86_64-fedora-gcc, r-devel-windows-x86_64-gcc10-UCRT, r-patched-solaris-x86, r-release-macos-x86_64, r-oldrel-macos-x86_64