Last updated on 2019-02-19 11:52:10 CET.
Flavor | Version | Tinstall | Tcheck | Ttotal | Status | Flags |
---|---|---|---|---|---|---|
r-devel-linux-x86_64-debian-clang | 4.0.1 | 6.60 | 94.46 | 101.06 | OK | |
r-devel-linux-x86_64-debian-gcc | 4.0.1 | 5.50 | 70.44 | 75.94 | OK | |
r-devel-linux-x86_64-fedora-clang | 4.0.1 | 120.09 | NOTE | |||
r-devel-linux-x86_64-fedora-gcc | 4.0.1 | 108.59 | NOTE | |||
r-devel-windows-ix86+x86_64 | 4.0.1 | 24.00 | 155.00 | 179.00 | OK | |
r-patched-linux-x86_64 | 4.0.1 | 5.37 | 86.66 | 92.03 | OK | |
r-patched-solaris-x86 | 4.0.1 | 153.30 | NOTE | |||
r-release-linux-x86_64 | 4.0.1 | 4.24 | 87.16 | 91.40 | OK | |
r-release-windows-ix86+x86_64 | 4.0.1 | 11.00 | 136.00 | 147.00 | OK | |
r-release-osx-x86_64 | 4.0.1 | NOTE | ||||
r-oldrel-windows-ix86+x86_64 | 4.0.1 | 13.00 | 114.00 | 127.00 | OK | |
r-oldrel-osx-x86_64 | 4.0.1 | NOTE |
Version: 4.0.1
Check: data for non-ASCII characters
Result: NOTE
Note: found 138 marked UTF-8 strings
Flavors: r-devel-linux-x86_64-fedora-clang, r-devel-linux-x86_64-fedora-gcc, r-patched-solaris-x86, r-release-osx-x86_64, r-oldrel-osx-x86_64