CRAN Package Check Results for Package ggthemes

Last updated on 2018-09-22 21:47:20 CEST.

Flavor Version Tinstall Tcheck Ttotal Status Flags
r-devel-linux-x86_64-debian-clang 4.0.1 4.63 91.32 95.95 OK
r-devel-linux-x86_64-debian-gcc 4.0.1 3.77 72.24 76.01 OK
r-devel-linux-x86_64-fedora-clang 4.0.1 115.63 NOTE
r-devel-linux-x86_64-fedora-gcc 4.0.1 113.00 NOTE
r-devel-windows-ix86+x86_64 4.0.1 15.00 143.00 158.00 OK
r-patched-linux-x86_64 4.0.1 4.30 86.37 90.67 OK
r-patched-solaris-x86 4.0.1 144.10 NOTE
r-release-linux-x86_64 4.0.1 5.03 86.16 91.19 OK
r-release-windows-ix86+x86_64 4.0.1 9.00 157.00 166.00 OK
r-release-osx-x86_64 4.0.1 NOTE
r-oldrel-windows-ix86+x86_64 4.0.1 9.00 147.00 156.00 OK
r-oldrel-osx-x86_64 4.0.1 NOTE

Check Details

Version: 4.0.1
Check: data for non-ASCII characters
Result: NOTE
     Note: found 138 marked UTF-8 strings
Flavors: r-devel-linux-x86_64-fedora-clang, r-devel-linux-x86_64-fedora-gcc, r-patched-solaris-x86, r-release-osx-x86_64, r-oldrel-osx-x86_64