CRAN Package Check Results for Package ggthemes

Last updated on 2018-07-19 04:50:45 CEST.

Flavor Version Tinstall Tcheck Ttotal Status Flags
r-devel-linux-x86_64-debian-clang 3.5.0 4.18 70.73 74.91 ERROR
r-devel-linux-x86_64-debian-gcc 3.5.0 4.04 65.96 70.00 ERROR
r-devel-linux-x86_64-fedora-clang 3.5.0 107.67 ERROR
r-devel-linux-x86_64-fedora-gcc 3.5.0 98.05 ERROR
r-devel-windows-ix86+x86_64 3.5.0 14.00 130.00 144.00 ERROR
r-patched-linux-x86_64 3.5.0 5.45 78.89 84.34 ERROR
r-patched-solaris-x86 3.5.0 135.20 ERROR
r-release-linux-x86_64 3.5.0 4.40 78.72 83.12 ERROR
r-release-windows-ix86+x86_64 3.5.0 17.00 105.00 122.00 ERROR
r-release-osx-x86_64 3.5.0 OK
r-oldrel-windows-ix86+x86_64 3.5.0 15.00 113.00 128.00 ERROR
r-oldrel-osx-x86_64 3.5.0 OK

Check Details

Version: 3.5.0
Check: examples
Result: ERROR
    Running examples in ‘ggthemes-Ex.R’ failed
    The error most likely occurred in:
    
    > base::assign(".ptime", proc.time(), pos = "CheckExEnv")
    > ### Name: scale_shape_stata
    > ### Title: Stata shape scale
    > ### Aliases: scale_shape_stata
    >
    > ### ** Examples
    >
    > library("ggplot2")
    >
    > p <- ggplot(mtcars) +
    + geom_point(aes(x = wt, y = mpg, shape = factor(gear))) +
    + facet_wrap(~am)
    > p + theme_stata() + scale_shape_stata()
    Error in convertUnit(theme$strip.switch.pad.wrap, "cm") :
     'x' argument must be a unit object
    Calls: <Anonymous> ... <Anonymous> -> f -> <Anonymous> -> f -> convertUnit
    Execution halted
Flavors: r-devel-linux-x86_64-debian-clang, r-devel-linux-x86_64-debian-gcc, r-patched-linux-x86_64, r-release-linux-x86_64

Version: 3.5.0
Check: examples
Result: ERROR
    Running examples in ‘ggthemes-Ex.R’ failed
    The error most likely occurred in:
    
    > ### Name: scale_shape_stata
    > ### Title: Stata shape scale
    > ### Aliases: scale_shape_stata
    >
    > ### ** Examples
    >
    > library("ggplot2")
    >
    > p <- ggplot(mtcars) +
    + geom_point(aes(x = wt, y = mpg, shape = factor(gear))) +
    + facet_wrap(~am)
    > p + theme_stata() + scale_shape_stata()
    Error in convertUnit(theme$strip.switch.pad.wrap, "cm") :
     'x' argument must be a unit object
    Calls: <Anonymous> ... <Anonymous> -> f -> <Anonymous> -> f -> convertUnit
    Execution halted
Flavors: r-devel-linux-x86_64-fedora-clang, r-devel-linux-x86_64-fedora-gcc, r-devel-windows-ix86+x86_64, r-patched-solaris-x86, r-release-windows-ix86+x86_64, r-oldrel-windows-ix86+x86_64