CRAN Package Check Results for Package ggthemes

Last updated on 2019-04-25 00:47:28 CEST.

Flavor Version Tinstall Tcheck Ttotal Status Flags
r-devel-linux-x86_64-debian-clang 4.1.1 7.81 86.54 94.35 OK
r-devel-linux-x86_64-debian-gcc 4.1.1 5.97 65.62 71.59 OK
r-devel-linux-x86_64-fedora-clang 4.1.1 108.87 NOTE
r-devel-linux-x86_64-fedora-gcc 4.1.1 103.12 NOTE
r-devel-windows-ix86+x86_64 4.1.1 20.00 104.00 124.00 OK
r-patched-linux-x86_64 4.1.1 6.77 83.87 90.64 OK
r-patched-solaris-x86 4.1.1 150.40 NOTE
r-release-linux-x86_64 4.1.1 4.00 82.27 86.27 OK
r-release-windows-ix86+x86_64 4.1.1 10.00 141.00 151.00 OK
r-release-osx-x86_64 4.1.1 NOTE
r-oldrel-windows-ix86+x86_64 4.1.1 8.00 103.00 111.00 WARN
r-oldrel-osx-x86_64 4.1.0 NOTE

Check Details

Version: 4.1.1
Check: data for non-ASCII characters
Result: NOTE
     Note: found 138 marked UTF-8 strings
Flavors: r-devel-linux-x86_64-fedora-clang, r-devel-linux-x86_64-fedora-gcc, r-patched-solaris-x86, r-release-osx-x86_64

Version: 4.1.1
Check: whether package can be installed
Result: WARN
    Found the following significant warnings:
     Warning: S3 methods '[.fun_list', '[.grouped_df', 'all.equal.tbl_df', 'anti_join.data.frame', 'anti_join.tbl_df', 'arrange.data.frame', 'arrange.default', 'arrange.grouped_df', 'arrange.tbl_df', 'arrange_.data.frame', 'arrange_.tbl_df', 'as.data.frame.grouped_df', 'as.data.frame.rowwise_df', 'as.data.frame.tbl_cube', 'as.table.tbl_cube', 'as.tbl.data.frame', 'as.tbl.tbl', 'as.tbl_cube.array', 'as.tbl_cube.data.frame', 'as.tbl_cube.matrix', 'as.tbl_cube.table', 'as_tibble.grouped_df', 'as_tibble.tbl_cube', 'auto_copy.tbl_cube', 'auto_copy.tbl_df', 'cbind.grouped_df', 'collapse.data.frame', 'collect.data.frame', 'common_by.NULL', 'common_by.character', 'common_by.default', 'common_by.list', 'compute.data.frame', 'copy_to.DBIConnection', 'copy_to.src_local', 'default_missing.data.frame', 'default_missing.default', 'dim.tbl_cube', 'distinct.data.frame', 'distinct.default', 'distinct.grouped_df', 'distinct.tbl_df', 'distinct_.data.frame', 'distinct_.grouped_df', 'distinct_.tbl_df', 'do.NULL', 'do.da [... truncated]
Flavor: r-oldrel-windows-ix86+x86_64

Version: 4.1.0
Check: data for non-ASCII characters
Result: NOTE
     Note: found 138 marked UTF-8 strings
Flavor: r-oldrel-osx-x86_64