CRAN Package Check Results for Package ggsoccer

Last updated on 2022-05-24 15:52:47 CEST.

Flavor Version Tinstall Tcheck Ttotal Status Flags
r-devel-linux-x86_64-debian-clang 0.1.6 5.45 65.15 70.60 NOTE
r-devel-linux-x86_64-debian-gcc 0.1.6 3.86 49.18 53.04 NOTE
r-devel-linux-x86_64-fedora-clang 0.1.6 82.98 NOTE
r-devel-linux-x86_64-fedora-gcc 0.1.6 82.61 NOTE
r-devel-windows-x86_64 0.1.6 25.00 79.00 104.00 NOTE
r-patched-linux-x86_64 0.1.6 4.53 61.52 66.05 NOTE
r-release-linux-x86_64 0.1.6 NOTE
r-release-macos-arm64 0.1.6 25.00 NOTE
r-release-macos-x86_64 0.1.6 43.00 NOTE
r-release-windows-x86_64 0.1.6 29.00 80.00 109.00 NOTE
r-oldrel-macos-arm64 0.1.6 27.00 NOTE
r-oldrel-macos-x86_64 0.1.6 39.00 NOTE
r-oldrel-windows-ix86+x86_64 0.1.6 14.00 75.00 89.00 NOTE

Check Details

Version: 0.1.6
Check: LazyData
Result: NOTE
     'LazyData' is specified without a 'data' directory
Flavors: r-devel-linux-x86_64-debian-clang, r-devel-linux-x86_64-debian-gcc, r-devel-linux-x86_64-fedora-clang, r-devel-linux-x86_64-fedora-gcc, r-devel-windows-x86_64, r-patched-linux-x86_64, r-release-linux-x86_64, r-release-macos-arm64, r-release-macos-x86_64, r-release-windows-x86_64, r-oldrel-macos-arm64, r-oldrel-macos-x86_64, r-oldrel-windows-ix86+x86_64