CRAN Package Check Results for Package ggshadow

Last updated on 2022-12-02 05:00:06 CET.

Flavor Version Tinstall Tcheck Ttotal Status Flags
r-devel-linux-x86_64-debian-clang 0.0.5 6.45 73.68 80.13 OK
r-devel-linux-x86_64-debian-gcc 0.0.5 4.79 0.46 5.25 FAIL
r-devel-linux-x86_64-fedora-clang 0.0.5 106.02 NOTE
r-devel-linux-x86_64-fedora-gcc 0.0.5 105.03 OK
r-devel-windows-x86_64 0.0.5 11.00 110.00 121.00 OK
r-patched-linux-x86_64 0.0.5 6.95 65.83 72.78 OK
r-release-linux-x86_64 0.0.5 4.79 68.62 73.41 OK
r-release-macos-arm64 0.0.5 31.00 OK
r-release-macos-x86_64 0.0.5 44.00 OK
r-release-windows-x86_64 0.0.5 27.00 109.00 136.00 OK
r-oldrel-macos-arm64 0.0.5 32.00 OK
r-oldrel-macos-x86_64 0.0.5 46.00 OK
r-oldrel-windows-ix86+x86_64 0.0.5 16.00 96.00 112.00 OK

Check Details

Version: 0.0.5
Check: package dependencies
Result: FAIL
Flavor: r-devel-linux-x86_64-debian-gcc

Version: 0.0.5
Check: Rd cross-references
Result: NOTE
    Undeclared package ‘RColorBrewer’ in Rd xrefs
Flavor: r-devel-linux-x86_64-fedora-clang