CRAN Package Check Results for Package ggridges

Last updated on 2019-06-16 13:46:31 CEST.

Flavor Version Tinstall Tcheck Ttotal Status Flags
r-devel-linux-x86_64-debian-clang 0.5.1 6.98 90.02 97.00 OK
r-devel-linux-x86_64-debian-gcc 0.5.1 5.92 68.15 74.07 OK
r-devel-linux-x86_64-fedora-clang 0.5.1 111.99 NOTE
r-devel-linux-x86_64-fedora-gcc 0.5.1 106.62 NOTE
r-devel-windows-ix86+x86_64 0.5.1 17.00 145.00 162.00 OK
r-patched-linux-x86_64 0.5.1 6.26 86.31 92.57 OK
r-patched-solaris-x86 0.5.1 161.40 NOTE
r-release-linux-x86_64 0.5.1 7.64 86.69 94.33 OK
r-release-windows-ix86+x86_64 0.5.1 12.00 164.00 176.00 OK
r-release-osx-x86_64 0.5.1 NOTE
r-oldrel-windows-ix86+x86_64 0.5.1 8.00 156.00 164.00 OK
r-oldrel-osx-x86_64 0.5.1 NOTE

Check Details

Version: 0.5.1
Check: data for non-ASCII characters
Result: NOTE
     Note: found 6242 marked UTF-8 strings
Flavors: r-devel-linux-x86_64-fedora-clang, r-devel-linux-x86_64-fedora-gcc, r-patched-solaris-x86, r-release-osx-x86_64, r-oldrel-osx-x86_64