CRAN Package Check Results for Package ggrepel

Last updated on 2022-10-04 02:54:40 CEST.

Flavor Version Tinstall Tcheck Ttotal Status Flags
r-devel-linux-x86_64-debian-clang 0.9.1 27.29 91.57 118.86 WARN
r-devel-linux-x86_64-debian-gcc 0.9.1 20.15 66.96 87.11 OK
r-devel-linux-x86_64-fedora-clang 0.9.1 160.51 WARN
r-devel-linux-x86_64-fedora-gcc 0.9.1 157.04 OK
r-devel-windows-x86_64 0.9.1 32.00 140.00 172.00 OK
r-patched-linux-x86_64 0.9.1 24.90 83.32 108.22 OK
r-release-linux-x86_64 0.9.1 22.54 82.92 105.46 OK
r-release-macos-arm64 0.9.1 47.00 OK
r-release-macos-x86_64 0.9.1 85.00 OK
r-release-windows-x86_64 0.9.1 34.00 135.00 169.00 OK
r-oldrel-macos-arm64 0.9.1 60.00 OK
r-oldrel-macos-x86_64 0.9.1 86.00 OK
r-oldrel-windows-ix86+x86_64 0.9.1 68.00 166.00 234.00 OK

Additional issues

clang14

Check Details

Version: 0.9.1
Check: whether package can be installed
Result: WARN
    Found the following significant warnings:
     repel_boxes.cpp:183:7: warning: use of bitwise '&' with boolean operands [-Wbitwise-instead-of-logical]
     repel_boxes.cpp:193:7: warning: use of bitwise '&' with boolean operands [-Wbitwise-instead-of-logical]
Flavors: r-devel-linux-x86_64-debian-clang, r-devel-linux-x86_64-fedora-clang