CRAN Package Check Results for Package ggraph

Last updated on 2019-07-24 09:50:24 CEST.

Flavor Version Tinstall Tcheck Ttotal Status Flags
r-devel-linux-x86_64-debian-clang 1.0.2 54.80 158.61 213.41 OK
r-devel-linux-x86_64-debian-gcc 1.0.2 44.03 120.37 164.40 OK
r-devel-linux-x86_64-fedora-clang 1.0.2 273.00 NOTE
r-devel-linux-x86_64-fedora-gcc 1.0.2 255.54 OK
r-devel-windows-ix86+x86_64 1.0.2 99.00 364.00 463.00 NOTE
r-patched-linux-x86_64 1.0.2 51.04 154.80 205.84 OK
r-patched-solaris-x86 1.0.2 357.90 OK
r-release-linux-x86_64 1.0.2 55.31 155.27 210.58 OK
r-release-windows-ix86+x86_64 1.0.2 98.00 283.00 381.00 NOTE
r-release-osx-x86_64 1.0.2 NOTE
r-oldrel-windows-ix86+x86_64 1.0.2 143.00 347.00 490.00 NOTE
r-oldrel-osx-x86_64 1.0.2 NOTE

Check Details

Version: 1.0.2
Check: installed package size
Result: NOTE
     installed size is 6.0Mb
     sub-directories of 1Mb or more:
     doc 3.0Mb
     libs 2.0Mb
Flavors: r-devel-linux-x86_64-fedora-clang, r-devel-windows-ix86+x86_64, r-release-windows-ix86+x86_64, r-release-osx-x86_64, r-oldrel-windows-ix86+x86_64, r-oldrel-osx-x86_64