CRAN Package Check Results for Package ggraph

Last updated on 2024-02-22 10:48:22 CET.

Flavor Version Tinstall Tcheck Ttotal Status Flags
r-devel-linux-x86_64-debian-clang 2.1.0 NOTE
r-devel-linux-x86_64-debian-gcc 2.1.0 73.00 164.79 237.79 NOTE
r-devel-linux-x86_64-fedora-clang 2.1.0 430.75 NOTE
r-devel-linux-x86_64-fedora-gcc 2.1.0 416.96 NOTE
r-devel-windows-x86_64 2.1.0 73.00 256.00 329.00 NOTE
r-patched-linux-x86_64 2.1.0 89.56 211.93 301.49 NOTE
r-release-linux-x86_64 2.1.0 65.84 211.70 277.54 NOTE
r-release-macos-arm64 2.1.0 119.00 NOTE
r-release-macos-x86_64 2.1.0 200.00 NOTE
r-release-windows-x86_64 2.1.0 96.00 310.00 406.00 NOTE
r-oldrel-macos-arm64 2.1.0 118.00 NOTE
r-oldrel-windows-x86_64 2.1.0 97.00 294.00 391.00 NOTE

Check Details

Version: 2.1.0
Check: C++ specification
Result: NOTE Specified C++11: please drop specification unless essential Flavors: r-devel-linux-x86_64-debian-clang, r-devel-linux-x86_64-debian-gcc, r-devel-linux-x86_64-fedora-clang, r-devel-linux-x86_64-fedora-gcc, r-devel-windows-x86_64, r-patched-linux-x86_64, r-release-linux-x86_64, r-release-macos-arm64, r-release-macos-x86_64, r-release-windows-x86_64

Version: 2.1.0
Check: installed package size
Result: NOTE installed size is 5.1Mb sub-directories of 1Mb or more: doc 3.6Mb Flavors: r-devel-linux-x86_64-fedora-clang, r-devel-windows-x86_64, r-release-macos-arm64, r-release-macos-x86_64, r-release-windows-x86_64, r-oldrel-macos-arm64, r-oldrel-windows-x86_64