CRAN Package Check Results for Package ggraph

Last updated on 2020-10-19 16:48:33 CEST.

Flavor Version Tinstall Tcheck Ttotal Status Flags
r-devel-linux-x86_64-debian-clang 2.0.3 92.98 211.35 304.33 OK
r-devel-linux-x86_64-debian-gcc 2.0.3 64.42 153.54 217.96 OK
r-devel-linux-x86_64-fedora-clang 2.0.3 416.50 NOTE
r-devel-linux-x86_64-fedora-gcc 2.0.3 351.82 OK
r-devel-windows-ix86+x86_64 2.0.3 130.00 287.00 417.00 NOTE
r-patched-linux-x86_64 2.0.3 77.50 200.77 278.27 OK
r-patched-solaris-x86 2.0.3 432.40 NOTE
r-release-linux-x86_64 2.0.3 73.89 194.55 268.44 OK
r-release-macos-x86_64 2.0.3 NOTE
r-release-windows-ix86+x86_64 2.0.3 169.00 273.00 442.00 NOTE
r-oldrel-macos-x86_64 2.0.3 NOTE
r-oldrel-windows-ix86+x86_64 2.0.3 128.00 276.00 404.00 NOTE

Check Details

Version: 2.0.3
Check: installed package size
Result: NOTE
     installed size is 8.0Mb
     sub-directories of 1Mb or more:
     doc 3.6Mb
     libs 3.1Mb
Flavors: r-devel-linux-x86_64-fedora-clang, r-devel-windows-ix86+x86_64, r-patched-solaris-x86, r-release-macos-x86_64, r-release-windows-ix86+x86_64, r-oldrel-macos-x86_64, r-oldrel-windows-ix86+x86_64