Last updated on 2023-06-07 09:01:55 CEST.
Flavor | Version | Tinstall | Tcheck | Ttotal | Status | Flags |
---|---|---|---|---|---|---|
r-devel-linux-x86_64-debian-clang | 2.1.0 | 89.52 | 218.47 | 307.99 | NOTE | |
r-devel-linux-x86_64-debian-gcc | 2.1.0 | 70.23 | 167.28 | 237.51 | NOTE | |
r-devel-linux-x86_64-fedora-clang | 2.1.0 | 428.07 | NOTE | |||
r-devel-linux-x86_64-fedora-gcc | 2.1.0 | 409.95 | NOTE | |||
r-devel-windows-x86_64 | 2.1.0 | 74.00 | 302.00 | 376.00 | NOTE | |
r-patched-linux-x86_64 | 2.1.0 | 80.16 | 209.36 | 289.52 | NOTE | |
r-release-linux-x86_64 | 2.1.0 | 56.94 | 206.67 | 263.61 | NOTE | |
r-release-macos-arm64 | 2.1.0 | 119.00 | NOTE | |||
r-release-macos-x86_64 | 2.1.0 | 200.00 | NOTE | |||
r-release-windows-x86_64 | 2.1.0 | 93.00 | 326.00 | 419.00 | NOTE | |
r-oldrel-macos-arm64 | 2.1.0 | 118.00 | NOTE | |||
r-oldrel-macos-x86_64 | 2.1.0 | 137.00 | NOTE | |||
r-oldrel-windows-x86_64 | 2.1.0 | 92.00 | 309.00 | 401.00 | NOTE |
Version: 2.1.0
Check: C++ specification
Result: NOTE
Specified C++11: please drop specification unless essential
Flavors: r-devel-linux-x86_64-debian-clang, r-devel-linux-x86_64-debian-gcc, r-devel-linux-x86_64-fedora-clang, r-devel-linux-x86_64-fedora-gcc, r-devel-windows-x86_64, r-patched-linux-x86_64, r-release-linux-x86_64, r-release-macos-arm64, r-release-macos-x86_64, r-release-windows-x86_64
Version: 2.1.0
Check: installed package size
Result: NOTE
installed size is 5.1Mb
sub-directories of 1Mb or more:
doc 3.6Mb
Flavors: r-devel-linux-x86_64-fedora-clang, r-devel-windows-x86_64, r-release-macos-arm64, r-release-macos-x86_64, r-release-windows-x86_64, r-oldrel-macos-arm64, r-oldrel-macos-x86_64, r-oldrel-windows-x86_64