CRAN Package Check Results for Package ggraph

Last updated on 2019-04-22 16:54:06 CEST.

Flavor Version Tinstall Tcheck Ttotal Status Flags
r-devel-linux-x86_64-debian-clang 1.0.2 54.56 148.78 203.34 OK
r-devel-linux-x86_64-debian-gcc 1.0.2 43.49 113.72 157.21 OK
r-devel-linux-x86_64-fedora-clang 1.0.2 260.02 NOTE
r-devel-linux-x86_64-fedora-gcc 1.0.2 241.51 OK
r-devel-windows-ix86+x86_64 1.0.2 131.00 267.00 398.00 NOTE
r-patched-linux-x86_64 1.0.2 50.86 144.58 195.44 OK
r-patched-solaris-x86 1.0.2 330.50 OK
r-release-linux-x86_64 1.0.2 50.50 139.93 190.43 OK
r-release-windows-ix86+x86_64 1.0.2 102.00 334.00 436.00 NOTE
r-release-osx-x86_64 1.0.2 NOTE
r-oldrel-windows-ix86+x86_64 1.0.2 132.00 361.00 493.00 NOTE
r-oldrel-osx-x86_64 1.0.2 NOTE

Check Details

Version: 1.0.2
Check: installed package size
Result: NOTE
     installed size is 6.0Mb
     sub-directories of 1Mb or more:
     doc 3.0Mb
     libs 2.0Mb
Flavors: r-devel-linux-x86_64-fedora-clang, r-devel-windows-ix86+x86_64, r-release-windows-ix86+x86_64, r-release-osx-x86_64, r-oldrel-windows-ix86+x86_64, r-oldrel-osx-x86_64