CRAN Package Check Results for Package ggquickeda

Last updated on 2023-01-31 23:52:18 CET.

Flavor Version Tinstall Tcheck Ttotal Status Flags
r-devel-linux-x86_64-debian-clang 0.2.2 8.35 66.08 74.43 OK
r-devel-linux-x86_64-debian-gcc 0.2.2 5.37 49.44 54.81 OK
r-devel-linux-x86_64-fedora-clang 0.2.2 96.41 NOTE
r-devel-linux-x86_64-fedora-gcc 0.2.2 103.42 NOTE
r-devel-windows-x86_64 0.2.2 40.00 110.00 150.00 OK
r-patched-linux-x86_64 0.2.2 11.71 70.04 81.75 OK
r-release-linux-x86_64 0.2.2 7.69 68.52 76.21 OK
r-release-macos-arm64 0.2.2 35.00 NOTE
r-release-macos-x86_64 0.2.2 48.00 NOTE
r-release-windows-x86_64 0.2.2 45.00 129.00 174.00 OK
r-oldrel-macos-arm64 0.2.2 32.00 NOTE
r-oldrel-macos-x86_64 0.2.2 49.00 NOTE
r-oldrel-windows-ix86+x86_64 0.2.2 22.00 101.00 123.00 OK

Check Details

Version: 0.2.2
Check: package dependencies
Result: NOTE
    Imports includes 28 non-default packages.
    Importing from so many packages makes the package vulnerable to any of
    them becoming unavailable. Move as many as possible to Suggests and
    use conditionally.
Flavor: r-devel-linux-x86_64-fedora-clang

Version: 0.2.2
Check: dependencies in R code
Result: NOTE
    Namespaces in Imports field not imported from:
     ‘DT’ ‘Formula’ ‘GGally’ ‘Hmisc’ ‘RPostgres’ ‘colourpicker’ ‘dplyr’
     ‘ggpmisc’ ‘ggpubr’ ‘ggrepel’ ‘gridExtra’ ‘markdown’ ‘plotly’
     ‘quantreg’ ‘rlang’ ‘shinyFiles’ ‘shinyjqui’ ‘shinyjs’ ‘survival’
     ‘survminer’ ‘table1’ ‘tidyr’ ‘zoo’
     All declared Imports should be used.
Flavors: r-devel-linux-x86_64-fedora-clang, r-devel-linux-x86_64-fedora-gcc, r-release-macos-arm64, r-release-macos-x86_64, r-oldrel-macos-arm64, r-oldrel-macos-x86_64