CRAN Package Check Results for Package ggpointdensity

Last updated on 2024-04-19 06:56:17 CEST.

Flavor Version Tinstall Tcheck Ttotal Status Flags
r-devel-linux-x86_64-debian-clang 0.1.0 5.67 50.67 56.34 NOTE
r-devel-linux-x86_64-debian-gcc 0.1.0 NOTE
r-devel-linux-x86_64-fedora-clang 0.1.0 72.86 NOTE
r-devel-linux-x86_64-fedora-gcc 0.1.0 69.47 NOTE
r-prerel-macos-arm64 0.1.0 27.00 NOTE
r-prerel-windows-x86_64 0.1.0 8.00 60.00 68.00 NOTE
r-patched-linux-x86_64 0.1.0 9.89 50.30 60.19 NOTE
r-release-linux-x86_64 0.1.0 5.06 50.67 55.73 NOTE
r-release-macos-arm64 0.1.0 30.00 NOTE
r-release-macos-x86_64 0.1.0 41.00 NOTE
r-release-windows-x86_64 0.1.0 10.00 66.00 76.00 NOTE
r-oldrel-macos-arm64 0.1.0 28.00 NOTE
r-oldrel-windows-x86_64 0.1.0 9.00 73.00 82.00 NOTE

Check Details

Version: 0.1.0
Check: LazyData
Result: NOTE 'LazyData' is specified without a 'data' directory Flavors: r-devel-linux-x86_64-debian-clang, r-devel-linux-x86_64-debian-gcc, r-devel-linux-x86_64-fedora-clang, r-devel-linux-x86_64-fedora-gcc, r-prerel-macos-arm64, r-prerel-windows-x86_64, r-patched-linux-x86_64, r-release-linux-x86_64, r-release-macos-arm64, r-release-macos-x86_64, r-release-windows-x86_64, r-oldrel-macos-arm64, r-oldrel-windows-x86_64