CRAN Package Check Results for Package ggplotlyExtra

Last updated on 2024-05-20 19:51:26 CEST.

Flavor Version Tinstall Tcheck Ttotal Status Flags
r-devel-linux-x86_64-debian-clang 0.0.1 7.14 52.33 59.47 NOTE
r-devel-linux-x86_64-debian-gcc 0.0.1 4.94 40.44 45.38 NOTE
r-devel-linux-x86_64-fedora-clang 0.0.1 73.78 NOTE
r-devel-linux-x86_64-fedora-gcc 0.0.1 69.73 NOTE
r-devel-windows-x86_64 0.0.1 6.00 59.00 65.00 NOTE
r-patched-linux-x86_64 0.0.1 10.16 48.78 58.94 NOTE
r-release-linux-x86_64 0.0.1 5.14 49.29 54.43 NOTE
r-release-macos-arm64 0.0.1 25.00 NOTE
r-release-windows-x86_64 0.0.1 6.00 59.00 65.00 NOTE
r-oldrel-macos-arm64 0.0.1 25.00 NOTE
r-oldrel-macos-x86_64 0.0.1 36.00 NOTE
r-oldrel-windows-x86_64 0.0.1 9.00 67.00 76.00 NOTE

Check Details

Version: 0.0.1
Check: LazyData
Result: NOTE 'LazyData' is specified without a 'data' directory Flavors: r-devel-linux-x86_64-debian-clang, r-devel-linux-x86_64-debian-gcc, r-devel-linux-x86_64-fedora-clang, r-devel-linux-x86_64-fedora-gcc, r-devel-windows-x86_64, r-patched-linux-x86_64, r-release-linux-x86_64, r-release-macos-arm64, r-release-windows-x86_64, r-oldrel-macos-arm64, r-oldrel-macos-x86_64, r-oldrel-windows-x86_64