CRAN Package Check Results for Package ggplotgui

Last updated on 2022-12-02 05:00:06 CET.

Flavor Version Tinstall Tcheck Ttotal Status Flags
r-devel-linux-x86_64-debian-clang 1.0.0 9.08 73.03 82.11 NOTE
r-devel-linux-x86_64-debian-gcc 1.0.0 6.43 53.70 60.13 NOTE
r-devel-linux-x86_64-fedora-clang 1.0.0 110.72 NOTE
r-devel-linux-x86_64-fedora-gcc 1.0.0 104.08 NOTE
r-devel-windows-x86_64 1.0.0 15.00 99.00 114.00 NOTE
r-patched-linux-x86_64 1.0.0 6.05 66.74 72.79 NOTE
r-release-linux-x86_64 1.0.0 6.24 67.41 73.65 NOTE
r-release-macos-arm64 1.0.0 31.00 NOTE
r-release-macos-x86_64 1.0.0 49.00 NOTE
r-release-windows-x86_64 1.0.0 14.00 101.00 115.00 NOTE
r-oldrel-macos-arm64 1.0.0 38.00 NOTE
r-oldrel-macos-x86_64 1.0.0 49.00 NOTE
r-oldrel-windows-ix86+x86_64 1.0.0 22.00 95.00 117.00 NOTE

Check Details

Version: 1.0.0
Check: LazyData
Result: NOTE
     'LazyData' is specified without a 'data' directory
Flavors: r-devel-linux-x86_64-debian-clang, r-devel-linux-x86_64-debian-gcc, r-devel-linux-x86_64-fedora-clang, r-devel-linux-x86_64-fedora-gcc, r-devel-windows-x86_64, r-patched-linux-x86_64, r-release-linux-x86_64, r-release-macos-arm64, r-release-macos-x86_64, r-release-windows-x86_64, r-oldrel-macos-arm64, r-oldrel-macos-x86_64, r-oldrel-windows-ix86+x86_64