CRAN Package Check Results for Package ggplotAssist

Last updated on 2019-04-20 10:47:39 CEST.

Flavor Version Tinstall Tcheck Ttotal Status Flags
r-devel-linux-x86_64-debian-clang 0.1.3 6.99 48.83 55.82 OK
r-devel-linux-x86_64-debian-gcc 0.1.3 5.73 41.63 47.36 OK
r-devel-linux-x86_64-fedora-clang 0.1.3 65.95 NOTE
r-devel-linux-x86_64-fedora-gcc 0.1.3 62.15 NOTE
r-devel-windows-ix86+x86_64 0.1.3 31.00 106.00 137.00 OK
r-patched-linux-x86_64 0.1.3 6.20 48.02 54.22 OK
r-patched-solaris-x86 0.1.3 100.50 NOTE
r-release-linux-x86_64 0.1.3 4.39 45.95 50.34 OK
r-release-windows-ix86+x86_64 0.1.3 10.00 65.00 75.00 OK
r-release-osx-x86_64 0.1.3 NOTE
r-oldrel-windows-ix86+x86_64 0.1.3 17.00 95.00 112.00 OK
r-oldrel-osx-x86_64 0.1.3 NOTE

Check Details

Version: 0.1.3
Check: dependencies in R code
Result: NOTE
    Namespaces in Imports field not imported from:
     ‘gcookbook’ ‘ggthemes’ ‘moonBook’ ‘tidyverse’
     All declared Imports should be used.
Flavors: r-devel-linux-x86_64-fedora-clang, r-devel-linux-x86_64-fedora-gcc, r-patched-solaris-x86, r-release-osx-x86_64, r-oldrel-osx-x86_64