CRAN Package Check Results for Package ggplotAssist

Last updated on 2021-06-16 23:49:23 CEST.

Flavor Version Tinstall Tcheck Ttotal Status Flags
r-devel-linux-x86_64-debian-clang 0.1.3 10.69 79.81 90.50 NOTE
r-devel-linux-x86_64-debian-gcc 0.1.3 8.43 59.03 67.46 NOTE
r-devel-linux-x86_64-fedora-clang 0.1.3 113.94 NOTE
r-devel-linux-x86_64-fedora-gcc 0.1.3 101.40 NOTE
r-devel-windows-x86_64 0.1.3 16.00 102.00 118.00 NOTE
r-devel-windows-x86_64-gcc10-UCRT 0.1.3 NOTE
r-patched-linux-x86_64 0.1.3 10.47 74.16 84.63 NOTE
r-patched-solaris-x86 0.1.3 159.10 NOTE
r-release-linux-x86_64 0.1.3 10.19 74.37 84.56 NOTE
r-release-macos-arm64 0.1.3 NOTE
r-release-macos-x86_64 0.1.3 NOTE
r-release-windows-ix86+x86_64 0.1.3 23.00 99.00 122.00 NOTE
r-oldrel-macos-x86_64 0.1.3 NOTE
r-oldrel-windows-ix86+x86_64 0.1.3 16.00 102.00 118.00 OK

Check Details

Version: 0.1.3
Check: LazyData
Result: NOTE
     'LazyData' is specified without a 'data' directory
Flavors: r-devel-linux-x86_64-debian-clang, r-devel-linux-x86_64-debian-gcc, r-devel-linux-x86_64-fedora-clang, r-devel-linux-x86_64-fedora-gcc, r-devel-windows-x86_64, r-devel-windows-x86_64-gcc10-UCRT, r-patched-linux-x86_64, r-patched-solaris-x86, r-release-linux-x86_64, r-release-macos-arm64, r-release-macos-x86_64, r-release-windows-ix86+x86_64

Version: 0.1.3
Check: dependencies in R code
Result: NOTE
    Namespaces in Imports field not imported from:
     ‘gcookbook’ ‘ggthemes’ ‘moonBook’ ‘tidyverse’
     All declared Imports should be used.
Flavors: r-devel-linux-x86_64-fedora-clang, r-devel-linux-x86_64-fedora-gcc, r-devel-windows-x86_64-gcc10-UCRT, r-patched-solaris-x86, r-release-macos-arm64, r-release-macos-x86_64, r-oldrel-macos-x86_64