CRAN Package Check Results for Package ggplotAssist

Last updated on 2019-06-16 13:46:31 CEST.

Flavor Version Tinstall Tcheck Ttotal Status Flags
r-devel-linux-x86_64-debian-clang 0.1.3 6.55 49.36 55.91 OK
r-devel-linux-x86_64-debian-gcc 0.1.3 5.29 39.71 45.00 OK
r-devel-linux-x86_64-fedora-clang 0.1.3 66.47 NOTE
r-devel-linux-x86_64-fedora-gcc 0.1.3 63.87 NOTE
r-devel-windows-ix86+x86_64 0.1.3 22.00 107.00 129.00 OK
r-patched-linux-x86_64 0.1.3 5.87 48.01 53.88 OK
r-patched-solaris-x86 0.1.3 102.30 NOTE
r-release-linux-x86_64 0.1.3 6.06 48.10 54.16 OK
r-release-windows-ix86+x86_64 0.1.3 15.00 71.00 86.00 OK
r-release-osx-x86_64 0.1.3 NOTE
r-oldrel-windows-ix86+x86_64 0.1.3 10.00 93.00 103.00 OK
r-oldrel-osx-x86_64 0.1.3 NOTE

Check Details

Version: 0.1.3
Check: dependencies in R code
Result: NOTE
    Namespaces in Imports field not imported from:
     ‘gcookbook’ ‘ggthemes’ ‘moonBook’ ‘tidyverse’
     All declared Imports should be used.
Flavors: r-devel-linux-x86_64-fedora-clang, r-devel-linux-x86_64-fedora-gcc, r-patched-solaris-x86, r-release-osx-x86_64, r-oldrel-osx-x86_64