CRAN Package Check Results for Package ggplot2

Last updated on 2018-08-19 02:47:48 CEST.

Flavor Version Tinstall Tcheck Ttotal Status Flags
r-devel-linux-x86_64-debian-clang 3.0.0 16.01 337.39 353.40 OK
r-devel-linux-x86_64-debian-gcc 3.0.0 14.00 264.14 278.14 OK
r-devel-linux-x86_64-fedora-clang 3.0.0 424.30 NOTE
r-devel-linux-x86_64-fedora-gcc 3.0.0 412.16 NOTE
r-devel-windows-ix86+x86_64 3.0.0 36.00 438.00 474.00 OK
r-patched-linux-x86_64 3.0.0 12.83 332.62 345.45 OK
r-patched-solaris-x86 3.0.0 522.40 NOTE
r-release-linux-x86_64 3.0.0 14.69 332.75 347.44 OK
r-release-windows-ix86+x86_64 3.0.0 38.00 480.00 518.00 OK
r-release-osx-x86_64 3.0.0 NOTE
r-oldrel-windows-ix86+x86_64 3.0.0 15.00 387.00 402.00 OK
r-oldrel-osx-x86_64 3.0.0 NOTE

Check Details

Version: 3.0.0
Check: dependencies in R code
Result: NOTE
    Namespaces in Imports field not imported from:
     ‘mgcv’ ‘reshape2’ ‘viridisLite’
     All declared Imports should be used.
Flavors: r-devel-linux-x86_64-fedora-clang, r-devel-linux-x86_64-fedora-gcc, r-patched-solaris-x86, r-release-osx-x86_64, r-oldrel-osx-x86_64