CRAN Package Check Results for Package ggplot2

Last updated on 2020-07-04 18:48:50 CEST.

Flavor Version Tinstall Tcheck Ttotal Status Flags
r-devel-linux-x86_64-debian-clang 3.3.2 27.31 397.94 425.25 OK
r-devel-linux-x86_64-debian-gcc 3.3.2 20.17 289.58 309.75 OK
r-devel-linux-x86_64-fedora-clang 3.3.2 478.05 NOTE
r-devel-linux-x86_64-fedora-gcc 3.3.2 475.66 NOTE
r-devel-windows-ix86+x86_64 3.3.2 55.00 600.00 655.00 OK
r-patched-linux-x86_64 3.3.2 26.90 375.97 402.87 OK
r-patched-solaris-x86 3.3.2 576.60 NOTE
r-release-linux-x86_64 3.3.2 20.80 378.55 399.35 OK
r-release-osx-x86_64 3.3.2 NOTE
r-release-windows-ix86+x86_64 3.3.2 45.00 424.00 469.00 OK
r-oldrel-osx-x86_64 3.3.2 NOTE
r-oldrel-windows-ix86+x86_64 3.3.2 53.00 591.00 644.00 OK

Check Details

Version: 3.3.2
Check: dependencies in R code
Result: NOTE
    Namespace in Imports field not imported from: ‘mgcv’
     All declared Imports should be used.
Flavors: r-devel-linux-x86_64-fedora-clang, r-devel-linux-x86_64-fedora-gcc, r-patched-solaris-x86, r-release-osx-x86_64, r-oldrel-osx-x86_64

Version: 3.3.2
Check: installed package size
Result: NOTE
     installed size is 5.2Mb
     sub-directories of 1Mb or more:
     R 1.3Mb
     doc 2.0Mb
Flavor: r-patched-solaris-x86