CRAN Package Check Results for Package ggplot2

Last updated on 2018-10-23 03:49:09 CEST.

Flavor Version Tinstall Tcheck Ttotal Status Flags
r-devel-linux-x86_64-debian-clang 3.0.0 16.29 337.93 354.22 OK
r-devel-linux-x86_64-debian-gcc 3.0.0 12.01 261.02 273.03 OK
r-devel-linux-x86_64-fedora-clang 3.0.0 420.83 NOTE
r-devel-linux-x86_64-fedora-gcc 3.0.0 413.71 NOTE
r-devel-windows-ix86+x86_64 3.0.0 38.00 449.00 487.00 OK
r-patched-linux-x86_64 3.0.0 13.16 327.13 340.29 OK
r-patched-solaris-x86 3.0.0 528.00 NOTE
r-release-linux-x86_64 3.0.0 15.74 338.27 354.01 ERROR
r-release-windows-ix86+x86_64 3.0.0 31.00 452.00 483.00 OK
r-release-osx-x86_64 3.0.0 NOTE
r-oldrel-windows-ix86+x86_64 3.0.0 16.00 392.00 408.00 OK
r-oldrel-osx-x86_64 3.0.0 NOTE

Check Details

Version: 3.0.0
Check: dependencies in R code
Result: NOTE
    Namespaces in Imports field not imported from:
     ‘mgcv’ ‘reshape2’ ‘viridisLite’
     All declared Imports should be used.
Flavors: r-devel-linux-x86_64-fedora-clang, r-devel-linux-x86_64-fedora-gcc, r-patched-solaris-x86, r-release-osx-x86_64, r-oldrel-osx-x86_64

Version: 3.0.0
Check: package dependencies
Result: NOTE
    Packages suggested but not available for checking: ‘Hmisc’ ‘vdiffr’
Flavor: r-release-linux-x86_64

Version: 3.0.0
Check: examples
Result: ERROR
    Running examples in ‘ggplot2-Ex.R’ failed
    The error most likely occurred in:
    
    > base::assign(".ptime", proc.time(), pos = "CheckExEnv")
    > ### Name: hmisc
    > ### Title: A selection of summary functions from Hmisc
    > ### Aliases: hmisc mean_cl_boot mean_cl_normal mean_sdl median_hilow
    >
    > ### ** Examples
    >
    > x <- rnorm(100)
    > mean_cl_boot(x)
    Error: Hmisc package required for this function
    Execution halted
Flavor: r-release-linux-x86_64