CRAN Package Check Results for Package ggnormalviolin

Last updated on 2023-10-03 12:08:40 CEST.

Flavor Version Tinstall Tcheck Ttotal Status Flags
r-devel-linux-x86_64-debian-clang 0.1.2 4.44 31.70 36.14 NOTE
r-devel-linux-x86_64-debian-gcc 0.1.2 3.63 24.44 28.07 NOTE
r-devel-linux-x86_64-fedora-clang 0.1.2 45.25 NOTE
r-devel-linux-x86_64-fedora-gcc 0.1.2 46.29 NOTE
r-devel-windows-x86_64 0.1.2 6.00 45.00 51.00 NOTE
r-patched-linux-x86_64 0.1.2 9.14 31.37 40.51 NOTE
r-release-linux-x86_64 0.1.2 3.44 30.69 34.13 NOTE
r-release-macos-arm64 0.1.2 20.00 NOTE
r-release-macos-x86_64 0.1.2 26.00 NOTE
r-release-windows-x86_64 0.1.2 10.00 45.00 55.00 NOTE
r-oldrel-macos-arm64 0.1.2 17.00 NOTE
r-oldrel-macos-x86_64 0.1.2 32.00 NOTE
r-oldrel-windows-x86_64 0.1.2 6.00 50.00 56.00 NOTE

Check Details

Version: 0.1.2
Check: LazyData
Result: NOTE
     'LazyData' is specified without a 'data' directory
Flavors: r-devel-linux-x86_64-debian-clang, r-devel-linux-x86_64-debian-gcc, r-devel-linux-x86_64-fedora-clang, r-devel-linux-x86_64-fedora-gcc, r-devel-windows-x86_64, r-patched-linux-x86_64, r-release-linux-x86_64, r-release-macos-arm64, r-release-macos-x86_64, r-release-windows-x86_64, r-oldrel-macos-arm64, r-oldrel-macos-x86_64, r-oldrel-windows-x86_64

Version: 0.1.2
Check: dependencies in R code
Result: NOTE
    Namespaces in Imports field not imported from:
     ‘dplyr’ ‘grid’ ‘scales’
     All declared Imports should be used.
Flavors: r-devel-linux-x86_64-fedora-clang, r-devel-linux-x86_64-fedora-gcc, r-oldrel-macos-arm64, r-oldrel-macos-x86_64