CRAN Package Check Results for Package ggnormalviolin

Last updated on 2020-07-11 09:48:55 CEST.

Flavor Version Tinstall Tcheck Ttotal Status Flags
r-devel-linux-x86_64-debian-clang 0.1.2 3.92 27.78 31.70 OK
r-devel-linux-x86_64-debian-gcc 0.1.2 3.22 20.97 24.19 OK
r-devel-linux-x86_64-fedora-gcc 0.1.2 36.04 NOTE
r-devel-windows-ix86+x86_64 0.1.2 11.00 52.00 63.00 OK
r-patched-linux-x86_64 0.1.2 3.94 26.43 30.37 OK
r-patched-solaris-x86 0.1.2 55.60 NOTE
r-release-linux-x86_64 0.1.2 4.21 26.21 30.42 OK
r-release-osx-x86_64 0.1.2 NOTE
r-release-windows-ix86+x86_64 0.1.2 13.00 42.00 55.00 OK
r-oldrel-osx-x86_64 0.1.2 NOTE
r-oldrel-windows-ix86+x86_64 0.1.2 18.00 38.00 56.00 OK

Check Details

Version: 0.1.2
Check: dependencies in R code
Result: NOTE
    Namespaces in Imports field not imported from:
     ‘dplyr’ ‘grid’ ‘scales’
     All declared Imports should be used.
Flavors: r-devel-linux-x86_64-fedora-gcc, r-patched-solaris-x86, r-release-osx-x86_64, r-oldrel-osx-x86_64