Last updated on 2023-01-27 23:37:59 CET.
Flavor | Version | Tinstall | Tcheck | Ttotal | Status | Flags |
---|---|---|---|---|---|---|
r-devel-linux-x86_64-debian-clang | 3.0.1 | 12.89 | 98.40 | 111.29 | OK | |
r-devel-linux-x86_64-debian-gcc | 3.0.1 | 11.21 | 72.88 | 84.09 | OK | |
r-devel-linux-x86_64-fedora-clang | 3.0.1 | 137.42 | OK | |||
r-devel-linux-x86_64-fedora-gcc | 3.0.1 | 131.85 | OK | |||
r-devel-windows-x86_64 | 3.0.1 | 48.00 | 130.00 | 178.00 | OK | |
r-patched-linux-x86_64 | 3.0.1 | 16.97 | 92.81 | 109.78 | OK | |
r-release-linux-x86_64 | 3.0.1 | 12.36 | 92.42 | 104.78 | OK | |
r-release-macos-arm64 | 3.0.1 | 53.00 | OK | |||
r-release-macos-x86_64 | 3.0.1 | 58.00 | OK | |||
r-release-windows-x86_64 | 3.0.1 | 21.00 | 146.00 | 167.00 | OK | |
r-oldrel-macos-arm64 | 3.0.1 | 57.00 | NOTE | |||
r-oldrel-macos-x86_64 | 3.0.1 | 60.00 | OK | |||
r-oldrel-windows-ix86+x86_64 | 3.0.1 | 30.00 | 134.00 | 164.00 | OK |
Version: 3.0.1
Check: installed package size
Result: NOTE
installed size is 5.2Mb
sub-directories of 1Mb or more:
data 4.8Mb
Flavor: r-oldrel-macos-arm64