CRAN Package Check Results for Package gglm

Last updated on 2022-11-26 20:56:27 CET.

Flavor Version Tinstall Tcheck Ttotal Status Flags
r-devel-linux-x86_64-debian-clang 1.0.0 7.40 74.61 82.01 OK
r-devel-linux-x86_64-debian-gcc 1.0.0 6.14 55.85 61.99 OK
r-devel-linux-x86_64-fedora-clang 1.0.0 113.72 OK
r-devel-linux-x86_64-fedora-gcc 1.0.0 109.88 OK
r-devel-windows-x86_64 1.0.0 18.00 105.00 123.00 OK
r-patched-linux-x86_64 0.1.0 NOTE
r-release-linux-x86_64 1.0.0 4.46 71.00 75.46 OK
r-release-macos-arm64 0.1.0 18.00 NOTE
r-release-macos-x86_64 1.0.0 44.00 OK
r-release-windows-x86_64 0.1.0 8.00 66.00 74.00 NOTE
r-oldrel-macos-arm64 0.1.0 20.00 NOTE
r-oldrel-macos-x86_64 1.0.0 47.00 OK
r-oldrel-windows-ix86+x86_64 1.0.0 19.00 101.00 120.00 OK

Check Details

Version: 0.1.0
Check: LazyData
Result: NOTE
     'LazyData' is specified without a 'data' directory
Flavors: r-patched-linux-x86_64, r-release-macos-arm64, r-release-windows-x86_64, r-oldrel-macos-arm64