CRAN Package Check Results for Package ggjoy

Last updated on 2022-11-28 23:53:21 CET.

Flavor Version Tinstall Tcheck Ttotal Status Flags
r-devel-linux-x86_64-debian-clang 0.4.1 5.77 48.93 54.70 NOTE
r-devel-linux-x86_64-debian-gcc 0.4.1 3.97 37.57 41.54 NOTE
r-devel-linux-x86_64-fedora-clang 0.4.1 78.69 NOTE
r-devel-linux-x86_64-fedora-gcc 0.4.1 73.86 NOTE
r-devel-windows-x86_64 0.4.1 9.00 77.00 86.00 NOTE
r-patched-linux-x86_64 0.4.1 9.31 46.90 56.21 NOTE
r-release-linux-x86_64 0.4.1 5.32 47.15 52.47 NOTE
r-release-macos-arm64 0.4.1 23.00 NOTE
r-release-macos-x86_64 0.4.1 51.00 NOTE
r-release-windows-x86_64 0.4.1 15.00 82.00 97.00 NOTE
r-oldrel-macos-arm64 0.4.1 24.00 NOTE
r-oldrel-macos-x86_64 0.4.1 42.00 NOTE
r-oldrel-windows-ix86+x86_64 0.4.1 14.00 73.00 87.00 NOTE

Check Details

Version: 0.4.1
Check: LazyData
Result: NOTE
     'LazyData' is specified without a 'data' directory
Flavors: r-devel-linux-x86_64-debian-clang, r-devel-linux-x86_64-debian-gcc, r-devel-linux-x86_64-fedora-clang, r-devel-linux-x86_64-fedora-gcc, r-devel-windows-x86_64, r-patched-linux-x86_64, r-release-linux-x86_64, r-release-macos-arm64, r-release-macos-x86_64, r-release-windows-x86_64, r-oldrel-macos-arm64, r-oldrel-macos-x86_64, r-oldrel-windows-ix86+x86_64